Last updated on 2022-08-15 08:49:50 CEST.
Flavor | Version | Tinstall | Tcheck | Ttotal | Status | Flags |
---|---|---|---|---|---|---|
r-devel-linux-x86_64-debian-clang | 0.2 | 6.62 | 60.29 | 66.91 | OK | |
r-devel-linux-x86_64-debian-gcc | 0.2 | 5.15 | 44.73 | 49.88 | OK | |
r-devel-linux-x86_64-fedora-clang | 0.2 | 93.28 | NOTE | |||
r-devel-linux-x86_64-fedora-gcc | 0.2 | 88.03 | OK | |||
r-devel-windows-x86_64 | 0.2 | 10.00 | 87.00 | 97.00 | OK | |
r-patched-linux-x86_64 | 0.2 | 5.97 | 55.43 | 61.40 | OK | |
r-release-linux-x86_64 | 0.2 | 6.55 | 56.22 | 62.77 | OK | |
r-release-macos-arm64 | 0.2 | 26.00 | OK | |||
r-release-macos-x86_64 | 0.2 | 36.00 | OK | |||
r-release-windows-x86_64 | 0.2 | 14.00 | 87.00 | 101.00 | OK | |
r-oldrel-macos-arm64 | 0.2 | 24.00 | OK | |||
r-oldrel-macos-x86_64 | 0.2 | 36.00 | OK | |||
r-oldrel-windows-ix86+x86_64 | 0.2 | 16.00 | 77.00 | 93.00 | OK |
Version: 0.2
Check: Rd cross-references
Result: NOTE
Undeclared package ‘CCA’ in Rd xrefs
Flavor: r-devel-linux-x86_64-fedora-clang