Last updated on 2022-08-15 08:49:50 CEST.
Flavor | Version | Tinstall | Tcheck | Ttotal | Status | Flags |
---|---|---|---|---|---|---|
r-devel-linux-x86_64-debian-clang | 1.4 | 9.39 | 82.84 | 92.23 | NOTE | |
r-devel-linux-x86_64-debian-gcc | 1.4 | 6.81 | 62.20 | 69.01 | NOTE | |
r-devel-linux-x86_64-fedora-clang | 1.4 | 121.49 | NOTE | |||
r-devel-linux-x86_64-fedora-gcc | 1.4 | 114.67 | NOTE | |||
r-devel-windows-x86_64 | 1.4 | 30.00 | 104.00 | 134.00 | OK | |
r-patched-linux-x86_64 | 1.4 | 13.28 | 78.11 | 91.39 | NOTE | |
r-release-linux-x86_64 | 1.4 | 7.09 | 77.19 | 84.28 | NOTE | |
r-release-macos-arm64 | 1.4 | 36.00 | OK | |||
r-release-macos-x86_64 | 1.4 | 64.00 | OK | |||
r-release-windows-x86_64 | 1.4 | 24.00 | 105.00 | 129.00 | OK | |
r-oldrel-macos-arm64 | 1.4 | 37.00 | OK | |||
r-oldrel-macos-x86_64 | 1.4 | 71.00 | OK | |||
r-oldrel-windows-ix86+x86_64 | 1.4 | 19.00 | 104.00 | 123.00 | OK |
Version: 1.4
Check: for non-standard things in the check directory
Result: NOTE
Found the following files/directories:
'acceldata2.RData'
Flavors: r-devel-linux-x86_64-debian-clang, r-devel-linux-x86_64-debian-gcc, r-devel-linux-x86_64-fedora-clang, r-devel-linux-x86_64-fedora-gcc, r-patched-linux-x86_64, r-release-linux-x86_64