Last updated on 2022-08-15 08:49:50 CEST.
Flavor | Version | Tinstall | Tcheck | Ttotal | Status | Flags |
---|---|---|---|---|---|---|
r-devel-linux-x86_64-debian-clang | 1.0.0 | 6.85 | 77.35 | 84.20 | OK | |
r-devel-linux-x86_64-debian-gcc | 1.0.0 | 5.15 | 55.54 | 60.69 | OK | |
r-devel-linux-x86_64-fedora-clang | 1.0.0 | 112.76 | OK | |||
r-devel-linux-x86_64-fedora-gcc | 1.0.0 | 106.90 | OK | |||
r-devel-windows-x86_64 | 1.0.0 | 11.00 | 106.00 | 117.00 | OK | |
r-patched-linux-x86_64 | 1.0.0 | 6.69 | 69.42 | 76.11 | OK | |
r-release-linux-x86_64 | 1.0.0 | 6.21 | 69.53 | 75.74 | OK | |
r-release-macos-arm64 | 1.0.0 | 38.00 | OK | |||
r-release-macos-x86_64 | 1.0.0 | 53.00 | NOTE | |||
r-release-windows-x86_64 | 1.0.0 | 15.00 | 104.00 | 119.00 | OK | |
r-oldrel-macos-arm64 | 1.0.0 | 34.00 | OK | |||
r-oldrel-macos-x86_64 | 1.0.0 | 49.00 | OK | |||
r-oldrel-windows-ix86+x86_64 | 1.0.0 | 18.00 | 94.00 | 112.00 | OK |
Version: 1.0.0
Check: package dependencies
Result: NOTE
Package suggested but not available for checking: ‘testthat’
Flavor: r-release-macos-x86_64