Last updated on 2022-08-15 08:49:50 CEST.
Flavor | Version | Tinstall | Tcheck | Ttotal | Status | Flags |
---|---|---|---|---|---|---|
r-devel-linux-x86_64-debian-clang | 0.1.3 | 12.87 | 122.79 | 135.66 | NOTE | |
r-devel-linux-x86_64-debian-gcc | 0.1.3 | 9.69 | 88.39 | 98.08 | NOTE | |
r-devel-linux-x86_64-fedora-clang | 0.1.3 | 175.07 | NOTE | |||
r-devel-linux-x86_64-fedora-gcc | 0.1.3 | 162.34 | NOTE | |||
r-devel-windows-x86_64 | 0.1.3 | 41.00 | 138.00 | 179.00 | NOTE | |
r-patched-linux-x86_64 | 0.1.3 | 11.89 | 115.00 | 126.89 | NOTE | |
r-release-linux-x86_64 | 0.1.3 | 10.10 | 114.99 | 125.09 | NOTE | |
r-release-macos-arm64 | 0.1.3 | 42.00 | NOTE | |||
r-release-macos-x86_64 | 0.1.3 | 71.00 | NOTE | |||
r-release-windows-x86_64 | 0.1.3 | 32.00 | 138.00 | 170.00 | NOTE | |
r-oldrel-macos-arm64 | 0.1.3 | 42.00 | NOTE | |||
r-oldrel-macos-x86_64 | 0.1.3 | 78.00 | NOTE | |||
r-oldrel-windows-ix86+x86_64 | 0.1.3 | 29.00 | 145.00 | 174.00 | NOTE |
Version: 0.1.3
Check: LazyData
Result: NOTE
'LazyData' is specified without a 'data' directory
Flavors: r-devel-linux-x86_64-debian-clang, r-devel-linux-x86_64-debian-gcc, r-devel-linux-x86_64-fedora-clang, r-devel-linux-x86_64-fedora-gcc, r-devel-windows-x86_64, r-patched-linux-x86_64, r-release-linux-x86_64, r-release-macos-arm64, r-release-macos-x86_64, r-release-windows-x86_64, r-oldrel-macos-arm64, r-oldrel-macos-x86_64, r-oldrel-windows-ix86+x86_64