Last updated on 2022-08-15 08:49:50 CEST.
Flavor | Version | Tinstall | Tcheck | Ttotal | Status | Flags |
---|---|---|---|---|---|---|
r-devel-linux-x86_64-debian-clang | 1.1.0 | 55.39 | 44.49 | 99.88 | OK | |
r-devel-linux-x86_64-debian-gcc | 1.1.0 | 42.75 | 33.27 | 76.02 | OK | |
r-devel-linux-x86_64-fedora-clang | 1.1.0 | 154.86 | NOTE | |||
r-devel-linux-x86_64-fedora-gcc | 1.1.0 | 137.47 | NOTE | |||
r-devel-windows-x86_64 | 1.1.0 | 67.00 | 88.00 | 155.00 | OK | |
r-patched-linux-x86_64 | 1.1.0 | 45.64 | 40.83 | 86.47 | OK | |
r-release-linux-x86_64 | 1.1.0 | 47.92 | 40.13 | 88.05 | OK | |
r-release-macos-arm64 | 1.1.0 | 40.00 | NOTE | |||
r-release-macos-x86_64 | 1.1.0 | 52.00 | NOTE | |||
r-release-windows-x86_64 | 1.1.0 | 68.00 | 90.00 | 158.00 | OK | |
r-oldrel-macos-arm64 | 1.1.0 | 39.00 | NOTE | |||
r-oldrel-macos-x86_64 | 1.1.0 | 52.00 | NOTE | |||
r-oldrel-windows-ix86+x86_64 | 1.1.0 | 137.00 | 101.00 | 238.00 | OK |
Version: 1.1.0
Check: dependencies in R code
Result: NOTE
Namespaces in Imports field not imported from:
‘MASS’ ‘RcppProgress’
All declared Imports should be used.
Flavors: r-devel-linux-x86_64-fedora-clang, r-devel-linux-x86_64-fedora-gcc, r-release-macos-arm64, r-release-macos-x86_64, r-oldrel-macos-arm64, r-oldrel-macos-x86_64