Last updated on 2022-08-15 08:49:50 CEST.
Flavor | Version | Tinstall | Tcheck | Ttotal | Status | Flags |
---|---|---|---|---|---|---|
r-devel-linux-x86_64-debian-clang | 1.1.1 | 3.40 | 34.42 | 37.82 | NOTE | |
r-devel-linux-x86_64-debian-gcc | 1.1.1 | 1.81 | 26.47 | 28.28 | NOTE | |
r-devel-linux-x86_64-fedora-clang | 1.1.1 | 58.46 | NOTE | |||
r-devel-linux-x86_64-fedora-gcc | 1.1.1 | 56.18 | NOTE | |||
r-devel-windows-x86_64 | 1.1.1 | 5.00 | 63.00 | 68.00 | NOTE | |
r-patched-linux-x86_64 | 1.1.1 | 2.91 | 34.30 | 37.21 | NOTE | |
r-release-linux-x86_64 | 1.1.1 | 3.05 | 33.41 | 36.46 | NOTE | |
r-release-macos-arm64 | 1.1.1 | 20.00 | NOTE | |||
r-release-macos-x86_64 | 1.1.1 | 26.00 | NOTE | |||
r-release-windows-x86_64 | 1.1.1 | 10.00 | 70.00 | 80.00 | NOTE | |
r-oldrel-macos-arm64 | 1.1.1 | 26.00 | NOTE | |||
r-oldrel-macos-x86_64 | 1.1.1 | 33.00 | NOTE | |||
r-oldrel-windows-ix86+x86_64 | 1.1.1 | 7.00 | 59.00 | 66.00 | NOTE |
Version: 1.1.1
Check: LazyData
Result: NOTE
'LazyData' is specified without a 'data' directory
Flavors: r-devel-linux-x86_64-debian-clang, r-devel-linux-x86_64-debian-gcc, r-devel-linux-x86_64-fedora-clang, r-devel-linux-x86_64-fedora-gcc, r-devel-windows-x86_64, r-patched-linux-x86_64, r-release-linux-x86_64, r-release-macos-arm64, r-release-macos-x86_64, r-release-windows-x86_64, r-oldrel-macos-arm64, r-oldrel-macos-x86_64, r-oldrel-windows-ix86+x86_64