Last updated on 2022-08-15 08:49:50 CEST.
Flavor | Version | Tinstall | Tcheck | Ttotal | Status | Flags |
---|---|---|---|---|---|---|
r-devel-linux-x86_64-debian-clang | 1.2.1 | 20.22 | 161.18 | 181.40 | NOTE | |
r-devel-linux-x86_64-debian-gcc | 1.2.1 | 17.28 | 119.45 | 136.73 | NOTE | |
r-devel-linux-x86_64-fedora-clang | 1.2.1 | 232.68 | NOTE | |||
r-devel-linux-x86_64-fedora-gcc | 1.2.1 | 215.71 | NOTE | |||
r-devel-windows-x86_64 | 1.2.1 | 77.00 | 178.00 | 255.00 | NOTE | |
r-patched-linux-x86_64 | 1.2.1 | 20.32 | 151.73 | 172.05 | NOTE | |
r-release-linux-x86_64 | 1.2.1 | 15.41 | 152.47 | 167.88 | NOTE | |
r-release-macos-arm64 | 1.2.1 | 57.00 | NOTE | |||
r-release-macos-x86_64 | 1.2.1 | 106.00 | NOTE | |||
r-release-windows-x86_64 | 1.2.1 | 73.00 | 183.00 | 256.00 | NOTE | |
r-oldrel-macos-arm64 | 1.2.1 | 68.00 | NOTE | |||
r-oldrel-macos-x86_64 | 1.2.1 | 115.00 | NOTE | |||
r-oldrel-windows-ix86+x86_64 | 1.2.1 | 43.00 | 179.00 | 222.00 | NOTE |
Version: 1.2.1
Check: LazyData
Result: NOTE
'LazyData' is specified without a 'data' directory
Flavors: r-devel-linux-x86_64-debian-clang, r-devel-linux-x86_64-debian-gcc, r-devel-linux-x86_64-fedora-clang, r-devel-linux-x86_64-fedora-gcc, r-devel-windows-x86_64, r-patched-linux-x86_64, r-release-linux-x86_64, r-release-macos-arm64, r-release-macos-x86_64, r-release-windows-x86_64, r-oldrel-macos-arm64, r-oldrel-macos-x86_64, r-oldrel-windows-ix86+x86_64