Last updated on 2022-08-15 08:49:50 CEST.
Flavor | Version | Tinstall | Tcheck | Ttotal | Status | Flags |
---|---|---|---|---|---|---|
r-devel-linux-x86_64-debian-clang | 1.1 | 1.99 | 33.22 | 35.21 | OK | |
r-devel-linux-x86_64-debian-gcc | 1.1 | 1.80 | 24.55 | 26.35 | OK | |
r-devel-linux-x86_64-fedora-clang | 1.1 | 56.39 | NOTE | |||
r-devel-linux-x86_64-fedora-gcc | 1.1 | 54.98 | NOTE | |||
r-devel-windows-x86_64 | 1.1 | 10.00 | 55.00 | 65.00 | OK | |
r-patched-linux-x86_64 | 1.1 | 3.31 | 31.48 | 34.79 | OK | |
r-release-linux-x86_64 | 1.1 | 2.52 | 31.43 | 33.95 | OK | |
r-release-macos-arm64 | 1.1 | 18.00 | NOTE | |||
r-release-macos-x86_64 | 1.1 | 24.00 | NOTE | |||
r-release-windows-x86_64 | 1.1 | 9.00 | 66.00 | 75.00 | OK | |
r-oldrel-macos-arm64 | 1.1 | 22.00 | NOTE | |||
r-oldrel-macos-x86_64 | 1.1 | 32.00 | NOTE | |||
r-oldrel-windows-ix86+x86_64 | 1.1 | 7.00 | 52.00 | 59.00 | OK |
Version: 1.1
Check: dependencies in R code
Result: NOTE
Namespace in Imports field not imported from: ‘Benchmarking’
All declared Imports should be used.
Flavors: r-devel-linux-x86_64-fedora-clang, r-devel-linux-x86_64-fedora-gcc, r-release-macos-arm64, r-release-macos-x86_64, r-oldrel-macos-arm64, r-oldrel-macos-x86_64