Last updated on 2022-08-15 08:49:50 CEST.
Flavor | Version | Tinstall | Tcheck | Ttotal | Status | Flags |
---|---|---|---|---|---|---|
r-devel-linux-x86_64-debian-clang | 1.0-16 | 34.20 | 402.64 | 436.84 | OK | |
r-devel-linux-x86_64-debian-gcc | 1.0-16 | 28.51 | 295.16 | 323.67 | OK | |
r-devel-linux-x86_64-fedora-clang | 1.0-16 | 539.38 | OK | |||
r-devel-linux-x86_64-fedora-gcc | 1.0-16 | 553.73 | OK | |||
r-devel-windows-x86_64 | 1.0-16 | 171.00 | 436.00 | 607.00 | OK | |
r-patched-linux-x86_64 | 1.0-16 | 38.55 | 379.63 | 418.18 | OK | |
r-release-linux-x86_64 | 1.0-16 | 34.52 | 376.81 | 411.33 | OK | |
r-release-macos-arm64 | 1.0-16 | 142.00 | NOTE | |||
r-release-macos-x86_64 | 1.0-16 | 188.00 | OK | |||
r-release-windows-x86_64 | 1.0-16 | 196.00 | 465.00 | 661.00 | OK | |
r-oldrel-macos-arm64 | 1.0-16 | 124.00 | NOTE | |||
r-oldrel-macos-x86_64 | 1.0-16 | 170.00 | OK | |||
r-oldrel-windows-ix86+x86_64 | 1.0-16 | 58.00 | 435.00 | 493.00 | OK |
Version: 1.0-16
Check: installed package size
Result: NOTE
installed size is 5.5Mb
sub-directories of 1Mb or more:
R 2.0Mb
doc 2.8Mb
Flavors: r-release-macos-arm64, r-oldrel-macos-arm64