Last updated on 2022-08-15 08:49:50 CEST.
Flavor | Version | Tinstall | Tcheck | Ttotal | Status | Flags |
---|---|---|---|---|---|---|
r-devel-linux-x86_64-debian-clang | 0.3.14 | 7.71 | 61.77 | 69.48 | OK | |
r-devel-linux-x86_64-debian-gcc | 0.3.14 | 6.59 | 47.23 | 53.82 | OK | |
r-devel-linux-x86_64-fedora-clang | 0.3.14 | 100.81 | NOTE | |||
r-devel-linux-x86_64-fedora-gcc | 0.3.14 | 94.13 | NOTE | |||
r-devel-windows-x86_64 | 0.3.14 | 55.00 | 107.00 | 162.00 | OK | |
r-patched-linux-x86_64 | 0.3.14 | 6.53 | 59.33 | 65.86 | OK | |
r-release-linux-x86_64 | 0.3.14 | 7.81 | 59.34 | 67.15 | OK | |
r-release-macos-arm64 | 0.3.14 | 38.00 | NOTE | |||
r-release-macos-x86_64 | 0.3.14 | 47.00 | NOTE | |||
r-release-windows-x86_64 | 0.3.14 | 59.00 | 110.00 | 169.00 | OK | |
r-oldrel-macos-arm64 | 0.3.14 | 48.00 | NOTE | |||
r-oldrel-macos-x86_64 | 0.3.14 | 62.00 | NOTE | |||
r-oldrel-windows-ix86+x86_64 | 0.3.14 | 22.00 | 113.00 | 135.00 | OK |
Version: 0.3.14
Check: dependencies in R code
Result: NOTE
Namespace in Imports field not imported from: ‘filehash’
All declared Imports should be used.
Flavors: r-devel-linux-x86_64-fedora-clang, r-devel-linux-x86_64-fedora-gcc, r-release-macos-arm64, r-release-macos-x86_64, r-oldrel-macos-arm64, r-oldrel-macos-x86_64