Last updated on 2022-08-15 08:49:50 CEST.
Flavor | Version | Tinstall | Tcheck | Ttotal | Status | Flags |
---|---|---|---|---|---|---|
r-devel-linux-x86_64-debian-clang | 1.1 | 80.40 | 40.98 | 121.38 | OK | |
r-devel-linux-x86_64-debian-gcc | 1.1 | 69.81 | 32.91 | 102.72 | OK | |
r-devel-linux-x86_64-fedora-clang | 1.1 | 180.72 | NOTE | |||
r-devel-linux-x86_64-fedora-gcc | 1.1 | 176.36 | OK | |||
r-devel-windows-x86_64 | 1.1 | 75.00 | 65.00 | 140.00 | NOTE | |
r-patched-linux-x86_64 | 1.1 | 79.39 | 40.26 | 119.65 | OK | |
r-release-linux-x86_64 | 1.1 | 81.52 | 40.84 | 122.36 | OK | |
r-release-macos-arm64 | 1.1 | 75.00 | NOTE | |||
r-release-macos-x86_64 | 1.1 | 85.00 | NOTE | |||
r-release-windows-x86_64 | 1.1 | 86.00 | 65.00 | 151.00 | NOTE | |
r-oldrel-macos-arm64 | 1.1 | 92.00 | NOTE | |||
r-oldrel-macos-x86_64 | 1.1 | 144.00 | NOTE | |||
r-oldrel-windows-ix86+x86_64 | 1.1 | 112.00 | 60.00 | 172.00 | NOTE |
Version: 1.1
Check: installed package size
Result: NOTE
installed size is 9.5Mb
sub-directories of 1Mb or more:
data 9.3Mb
Flavors: r-devel-linux-x86_64-fedora-clang, r-devel-windows-x86_64, r-release-macos-arm64, r-release-macos-x86_64, r-release-windows-x86_64, r-oldrel-macos-arm64, r-oldrel-macos-x86_64, r-oldrel-windows-ix86+x86_64