Last updated on 2022-08-15 08:49:50 CEST.
Flavor | Version | Tinstall | Tcheck | Ttotal | Status | Flags |
---|---|---|---|---|---|---|
r-devel-linux-x86_64-debian-clang | 1.0 | 74.93 | 82.89 | 157.82 | OK | |
r-devel-linux-x86_64-debian-gcc | 1.0 | 53.54 | 62.95 | 116.49 | OK | |
r-devel-linux-x86_64-fedora-clang | 1.0 | 217.69 | OK | |||
r-devel-linux-x86_64-fedora-gcc | 1.0 | 192.96 | OK | |||
r-devel-windows-x86_64 | 1.0 | 50.00 | 119.00 | 169.00 | OK | |
r-patched-linux-x86_64 | 1.0 | 56.44 | 79.22 | 135.66 | OK | |
r-release-linux-x86_64 | 1.0 | 59.71 | 80.42 | 140.13 | OK | |
r-release-macos-arm64 | 1.0 | 61.00 | NOTE | |||
r-release-macos-x86_64 | 1.0 | 68.00 | NOTE | |||
r-release-windows-x86_64 | 1.0 | 61.00 | 119.00 | 180.00 | OK | |
r-oldrel-macos-arm64 | 1.0 | 43.00 | NOTE | |||
r-oldrel-macos-x86_64 | 1.0 | 70.00 | NOTE | |||
r-oldrel-windows-ix86+x86_64 | 1.0 | 139.00 | 142.00 | 281.00 | OK |
Version: 1.0
Check: installed package size
Result: NOTE
installed size is 6.4Mb
sub-directories of 1Mb or more:
libs 6.2Mb
Flavors: r-release-macos-arm64, r-release-macos-x86_64, r-oldrel-macos-arm64, r-oldrel-macos-x86_64