Last updated on 2022-08-15 08:49:50 CEST.
Flavor | Version | Tinstall | Tcheck | Ttotal | Status | Flags |
---|---|---|---|---|---|---|
r-devel-linux-x86_64-debian-clang | 0.6.4 | 50.18 | 175.71 | 225.89 | OK | |
r-devel-linux-x86_64-debian-gcc | 0.6.4 | 38.13 | 123.91 | 162.04 | OK | |
r-devel-linux-x86_64-fedora-clang | 0.6.4 | 288.11 | OK | |||
r-devel-linux-x86_64-fedora-gcc | 0.6.4 | 262.77 | OK | |||
r-devel-windows-x86_64 | 0.6.4 | 64.00 | 217.00 | 281.00 | OK | |
r-patched-linux-x86_64 | 0.6.4 | 41.11 | 155.97 | 197.08 | OK | |
r-release-linux-x86_64 | 0.6.4 | 40.81 | 153.07 | 193.88 | OK | |
r-release-macos-arm64 | 0.6.4 | 61.00 | NOTE | |||
r-release-macos-x86_64 | 0.6.4 | 91.00 | NOTE | |||
r-release-windows-x86_64 | 0.6.4 | 58.00 | 222.00 | 280.00 | OK | |
r-oldrel-macos-arm64 | 0.6.4 | 75.00 | NOTE | |||
r-oldrel-macos-x86_64 | 0.6.4 | 96.00 | NOTE | |||
r-oldrel-windows-ix86+x86_64 | 0.6.4 | 106.00 | 274.00 | 380.00 | NOTE |
Version: 0.6.4
Check: package dependencies
Result: NOTE
Package suggested but not available for checking: ‘HiTC’
Flavors: r-release-macos-arm64, r-release-macos-x86_64, r-oldrel-macos-x86_64
Version: 0.6.4
Check: installed package size
Result: NOTE
installed size is 5.7Mb
sub-directories of 1Mb or more:
doc 2.7Mb
libs 2.5Mb
Flavors: r-release-macos-arm64, r-release-macos-x86_64, r-oldrel-macos-arm64, r-oldrel-macos-x86_64, r-oldrel-windows-ix86+x86_64