Last updated on 2022-08-15 08:49:50 CEST.
Flavor | Version | Tinstall | Tcheck | Ttotal | Status | Flags |
---|---|---|---|---|---|---|
r-devel-linux-x86_64-debian-clang | 0.1.0 | 5.29 | 48.06 | 53.35 | NOTE | |
r-devel-linux-x86_64-debian-gcc | 0.1.0 | 4.49 | 36.16 | 40.65 | NOTE | |
r-devel-linux-x86_64-fedora-clang | 0.1.0 | 76.59 | NOTE | |||
r-devel-linux-x86_64-fedora-gcc | 0.1.0 | 70.54 | NOTE | |||
r-devel-windows-x86_64 | 0.1.0 | 20.00 | 68.00 | 88.00 | NOTE | |
r-patched-linux-x86_64 | 0.1.0 | 4.07 | 45.94 | 50.01 | NOTE | |
r-release-linux-x86_64 | 0.1.0 | 3.78 | 44.77 | 48.55 | NOTE | |
r-release-macos-arm64 | 0.1.0 | 22.00 | NOTE | |||
r-release-macos-x86_64 | 0.1.0 | 31.00 | NOTE | |||
r-release-windows-x86_64 | 0.1.0 | 13.00 | 71.00 | 84.00 | NOTE | |
r-oldrel-macos-arm64 | 0.1.0 | 25.00 | NOTE | |||
r-oldrel-macos-x86_64 | 0.1.0 | 36.00 | NOTE | |||
r-oldrel-windows-ix86+x86_64 | 0.1.0 | 13.00 | 65.00 | 78.00 | NOTE |
Version: 0.1.0
Check: LazyData
Result: NOTE
'LazyData' is specified without a 'data' directory
Flavors: r-devel-linux-x86_64-debian-clang, r-devel-linux-x86_64-debian-gcc, r-devel-linux-x86_64-fedora-clang, r-devel-linux-x86_64-fedora-gcc, r-devel-windows-x86_64, r-patched-linux-x86_64, r-release-linux-x86_64, r-release-macos-arm64, r-release-macos-x86_64, r-release-windows-x86_64, r-oldrel-macos-arm64, r-oldrel-macos-x86_64, r-oldrel-windows-ix86+x86_64