Last updated on 2022-08-15 08:49:50 CEST.
Flavor | Version | Tinstall | Tcheck | Ttotal | Status | Flags |
---|---|---|---|---|---|---|
r-devel-linux-x86_64-debian-clang | 1.1.2 | 12.15 | 118.12 | 130.27 | NOTE | |
r-devel-linux-x86_64-debian-gcc | 1.1.2 | 8.33 | 86.10 | 94.43 | NOTE | |
r-devel-linux-x86_64-fedora-clang | 1.1.2 | 166.73 | NOTE | |||
r-devel-linux-x86_64-fedora-gcc | 1.1.2 | 154.46 | NOTE | |||
r-devel-windows-x86_64 | 1.1.2 | 28.00 | 135.00 | 163.00 | NOTE | |
r-patched-linux-x86_64 | 1.1.2 | 10.81 | 107.59 | 118.40 | NOTE | |
r-release-linux-x86_64 | 1.1.2 | 8.18 | 109.31 | 117.49 | NOTE | |
r-release-macos-arm64 | 1.1.2 | 45.00 | NOTE | |||
r-release-macos-x86_64 | 1.1.2 | 66.00 | NOTE | |||
r-release-windows-x86_64 | 1.1.2 | 29.00 | 137.00 | 166.00 | NOTE | |
r-oldrel-macos-arm64 | 1.1.2 | 56.00 | NOTE | |||
r-oldrel-macos-x86_64 | 1.1.2 | 86.00 | NOTE | |||
r-oldrel-windows-ix86+x86_64 | 1.1.2 | 27.00 | 131.00 | 158.00 | NOTE |
Version: 1.1.2
Check: LazyData
Result: NOTE
'LazyData' is specified without a 'data' directory
Flavors: r-devel-linux-x86_64-debian-clang, r-devel-linux-x86_64-debian-gcc, r-devel-linux-x86_64-fedora-clang, r-devel-linux-x86_64-fedora-gcc, r-devel-windows-x86_64, r-patched-linux-x86_64, r-release-linux-x86_64, r-release-macos-arm64, r-release-macos-x86_64, r-release-windows-x86_64, r-oldrel-macos-arm64, r-oldrel-macos-x86_64, r-oldrel-windows-ix86+x86_64