Last updated on 2022-08-15 08:49:50 CEST.
Flavor | Version | Tinstall | Tcheck | Ttotal | Status | Flags |
---|---|---|---|---|---|---|
r-devel-linux-x86_64-debian-clang | 0.1.1 | 26.12 | 43.42 | 69.54 | NOTE | |
r-devel-linux-x86_64-debian-gcc | 0.1.1 | 21.74 | 32.60 | 54.34 | NOTE | |
r-devel-linux-x86_64-fedora-clang | 0.1.1 | 108.83 | NOTE | |||
r-devel-linux-x86_64-fedora-gcc | 0.1.1 | 100.82 | NOTE | |||
r-devel-windows-x86_64 | 0.1.1 | 32.00 | 102.00 | 134.00 | NOTE | |
r-patched-linux-x86_64 | 0.1.1 | 22.93 | 43.60 | 66.53 | NOTE | |
r-release-linux-x86_64 | 0.1.1 | 25.68 | 43.67 | 69.35 | NOTE | |
r-release-macos-arm64 | 0.1.1 | 30.00 | NOTE | |||
r-release-macos-x86_64 | 0.1.1 | 42.00 | NOTE | |||
r-release-windows-x86_64 | 0.1.1 | 29.00 | 103.00 | 132.00 | NOTE | |
r-oldrel-macos-arm64 | 0.1.1 | 35.00 | NOTE | |||
r-oldrel-macos-x86_64 | 0.1.1 | 58.00 | NOTE | |||
r-oldrel-windows-ix86+x86_64 | 0.1.1 | 68.00 | 110.00 | 178.00 | NOTE |
Version: 0.1.1
Check: LazyData
Result: NOTE
'LazyData' is specified without a 'data' directory
Flavors: r-devel-linux-x86_64-debian-clang, r-devel-linux-x86_64-debian-gcc, r-devel-linux-x86_64-fedora-clang, r-devel-linux-x86_64-fedora-gcc, r-devel-windows-x86_64, r-patched-linux-x86_64, r-release-linux-x86_64, r-release-macos-arm64, r-release-macos-x86_64, r-release-windows-x86_64, r-oldrel-macos-arm64, r-oldrel-macos-x86_64, r-oldrel-windows-ix86+x86_64