Last updated on 2022-08-15 08:49:50 CEST.
Flavor | Version | Tinstall | Tcheck | Ttotal | Status | Flags |
---|---|---|---|---|---|---|
r-devel-linux-x86_64-debian-clang | 0.4.0 | 10.14 | 157.22 | 167.36 | OK | |
r-devel-linux-x86_64-debian-gcc | 0.4.0 | 7.41 | 113.08 | 120.49 | OK | |
r-devel-linux-x86_64-fedora-clang | 0.4.0 | 213.83 | NOTE | |||
r-devel-linux-x86_64-fedora-gcc | 0.4.0 | 204.13 | NOTE | |||
r-devel-windows-x86_64 | 0.4.0 | 17.00 | 178.00 | 195.00 | OK | |
r-patched-linux-x86_64 | 0.4.0 | 12.19 | 146.74 | 158.93 | OK | |
r-release-linux-x86_64 | 0.4.0 | 7.74 | 150.00 | 157.74 | OK | |
r-release-macos-arm64 | 0.4.0 | 64.00 | NOTE | |||
r-release-macos-x86_64 | 0.4.0 | 86.00 | NOTE | |||
r-release-windows-x86_64 | 0.4.0 | 17.00 | 176.00 | 193.00 | OK | |
r-oldrel-macos-arm64 | 0.4.0 | 110.00 | NOTE | |||
r-oldrel-macos-x86_64 | 0.4.0 | 111.00 | NOTE | |||
r-oldrel-windows-ix86+x86_64 | 0.4.0 | 20.00 | 184.00 | 204.00 | OK |
Version: 0.4.0
Check: dependencies in R code
Result: NOTE
Namespace in Imports field not imported from: ‘mathjaxr’
All declared Imports should be used.
Flavors: r-devel-linux-x86_64-fedora-clang, r-devel-linux-x86_64-fedora-gcc, r-release-macos-arm64, r-release-macos-x86_64, r-oldrel-macos-arm64, r-oldrel-macos-x86_64