Last updated on 2022-08-15 08:49:50 CEST.
Flavor | Version | Tinstall | Tcheck | Ttotal | Status | Flags |
---|---|---|---|---|---|---|
r-devel-linux-x86_64-debian-clang | 0.2.2 | 8.80 | 123.91 | 132.71 | NOTE | |
r-devel-linux-x86_64-debian-gcc | 0.2.2 | 7.39 | 88.51 | 95.90 | NOTE | |
r-devel-linux-x86_64-fedora-clang | 0.2.2 | 168.99 | NOTE | |||
r-devel-linux-x86_64-fedora-gcc | 0.2.2 | 156.60 | NOTE | |||
r-devel-windows-x86_64 | 0.2.2 | 50.00 | 152.00 | 202.00 | NOTE | |
r-patched-linux-x86_64 | 0.2.2 | 7.95 | 113.26 | 121.21 | OK | |
r-release-linux-x86_64 | 0.2.2 | 8.75 | 112.00 | 120.75 | OK | |
r-release-macos-arm64 | 0.2.2 | 53.00 | NOTE | |||
r-release-macos-x86_64 | 0.2.2 | 86.00 | NOTE | |||
r-release-windows-x86_64 | 0.2.2 | 67.00 | 149.00 | 216.00 | OK | |
r-oldrel-macos-arm64 | 0.2.2 | 67.00 | NOTE | |||
r-oldrel-macos-x86_64 | 0.2.2 | 65.00 | NOTE | |||
r-oldrel-windows-ix86+x86_64 | 0.2.2 | 22.00 | 137.00 | 159.00 | OK |
Version: 0.2.2
Check: package subdirectories
Result: NOTE
Problems with news in 'NEWS.md':
No news entries found.
Flavors: r-devel-linux-x86_64-debian-clang, r-devel-linux-x86_64-debian-gcc, r-devel-linux-x86_64-fedora-clang, r-devel-linux-x86_64-fedora-gcc, r-devel-windows-x86_64
Version: 0.2.2
Check: dependencies in R code
Result: NOTE
Namespace in Imports field not imported from: ‘rmarkdown’
All declared Imports should be used.
Flavors: r-devel-linux-x86_64-fedora-clang, r-devel-linux-x86_64-fedora-gcc, r-release-macos-arm64, r-release-macos-x86_64, r-oldrel-macos-arm64, r-oldrel-macos-x86_64