Last updated on 2022-08-15 08:49:50 CEST.
Flavor | Version | Tinstall | Tcheck | Ttotal | Status | Flags |
---|---|---|---|---|---|---|
r-devel-linux-x86_64-debian-clang | 0.9.3 | 43.66 | 47.14 | 90.80 | OK | |
r-devel-linux-x86_64-debian-gcc | 0.9.3 | 33.26 | 36.46 | 69.72 | OK | |
r-devel-linux-x86_64-fedora-clang | 0.9.3 | 128.93 | OK | |||
r-devel-linux-x86_64-fedora-gcc | 0.9.3 | 122.11 | OK | |||
r-devel-windows-x86_64 | 0.9.3 | 45.00 | 93.00 | 138.00 | OK | |
r-patched-linux-x86_64 | 0.9.3 | 33.41 | 46.42 | 79.83 | OK | |
r-release-linux-x86_64 | 0.9.3 | 34.38 | 46.62 | 81.00 | OK | |
r-release-macos-arm64 | 0.9.3 | 35.00 | NOTE | |||
r-release-macos-x86_64 | 0.9.3 | 49.00 | NOTE | |||
r-release-windows-x86_64 | 0.9.3 | 42.00 | 98.00 | 140.00 | OK | |
r-oldrel-macos-arm64 | 0.9.3 | 62.00 | NOTE | |||
r-oldrel-macos-x86_64 | 0.9.3 | 47.00 | NOTE | |||
r-oldrel-windows-ix86+x86_64 | 0.9.3 | 91.00 | 100.00 | 191.00 | OK |
Version: 0.9.3
Check: installed package size
Result: NOTE
installed size is 9.0Mb
sub-directories of 1Mb or more:
libs 8.5Mb
Flavors: r-release-macos-arm64, r-release-macos-x86_64, r-oldrel-macos-arm64, r-oldrel-macos-x86_64