Last updated on 2022-08-15 08:49:50 CEST.
Flavor | Version | Tinstall | Tcheck | Ttotal | Status | Flags |
---|---|---|---|---|---|---|
r-devel-linux-x86_64-debian-clang | 0.0.1 | 8.87 | 100.00 | 108.87 | OK | |
r-devel-linux-x86_64-debian-gcc | 0.0.1 | 7.91 | 75.58 | 83.49 | OK | |
r-devel-linux-x86_64-fedora-clang | 0.0.1 | 146.14 | NOTE | |||
r-devel-linux-x86_64-fedora-gcc | 0.0.1 | 134.02 | OK | |||
r-devel-windows-x86_64 | 0.0.1 | 15.00 | 116.00 | 131.00 | OK | |
r-patched-linux-x86_64 | 0.0.1 | 7.61 | 93.93 | 101.54 | OK | |
r-release-linux-x86_64 | 0.0.1 | 6.85 | 92.42 | 99.27 | OK | |
r-release-macos-arm64 | 0.0.1 | 40.00 | OK | |||
r-release-macos-x86_64 | 0.0.1 | 50.00 | OK | |||
r-release-windows-x86_64 | 0.0.1 | 15.00 | 115.00 | 130.00 | OK | |
r-oldrel-macos-arm64 | 0.0.1 | 35.00 | OK | |||
r-oldrel-macos-x86_64 | 0.0.1 | 49.00 | OK | |||
r-oldrel-windows-ix86+x86_64 | 0.0.1 | 24.00 | 119.00 | 143.00 | OK |
Version: 0.0.1
Check: Rd cross-references
Result: NOTE
Undeclared package ‘vctrs’ in Rd xrefs
Flavor: r-devel-linux-x86_64-fedora-clang