Last updated on 2022-08-15 08:49:50 CEST.
Flavor | Version | Tinstall | Tcheck | Ttotal | Status | Flags |
---|---|---|---|---|---|---|
r-devel-linux-x86_64-debian-clang | 0.1.1 | 5.60 | 56.95 | 62.55 | NOTE | |
r-devel-linux-x86_64-debian-gcc | 0.1.1 | 3.82 | 43.17 | 46.99 | NOTE | |
r-devel-linux-x86_64-fedora-clang | 0.1.1 | 88.16 | NOTE | |||
r-devel-linux-x86_64-fedora-gcc | 0.1.1 | 86.62 | NOTE | |||
r-devel-windows-x86_64 | 0.1.1 | 25.00 | 89.00 | 114.00 | OK | |
r-patched-linux-x86_64 | 0.1.1 | 5.13 | 54.44 | 59.57 | OK | |
r-release-linux-x86_64 | 0.1.1 | 3.53 | 53.79 | 57.32 | OK | |
r-release-macos-arm64 | 0.1.1 | 25.00 | OK | |||
r-release-macos-x86_64 | 0.1.1 | 42.00 | OK | |||
r-release-windows-x86_64 | 0.1.1 | 27.00 | 90.00 | 117.00 | OK | |
r-oldrel-macos-arm64 | 0.1.1 | 23.00 | OK | |||
r-oldrel-macos-x86_64 | 0.1.1 | 34.00 | OK | |||
r-oldrel-windows-ix86+x86_64 | 0.1.1 | 14.00 | 78.00 | 92.00 | OK |
Version: 0.1.1
Check: HTML version of manual
Result: NOTE
Found the following HTML validation problems:
dev.html:62:126: Warning: inserting implicit <p>
dev.html:62:126: Warning: trimming empty <p>
Flavors: r-devel-linux-x86_64-debian-clang, r-devel-linux-x86_64-debian-gcc, r-devel-linux-x86_64-fedora-clang, r-devel-linux-x86_64-fedora-gcc