Last updated on 2022-08-15 08:49:50 CEST.
Flavor | Version | Tinstall | Tcheck | Ttotal | Status | Flags |
---|---|---|---|---|---|---|
r-devel-linux-x86_64-debian-clang | 0.4.1 | 5.85 | 117.20 | 123.05 | OK | |
r-devel-linux-x86_64-debian-gcc | 0.4.1 | 5.04 | 82.71 | 87.75 | OK | |
r-devel-linux-x86_64-fedora-clang | 0.4.1 | 157.35 | NOTE | |||
r-devel-linux-x86_64-fedora-gcc | 0.4.1 | 146.39 | NOTE | |||
r-devel-windows-x86_64 | 0.4.1 | 24.00 | 135.00 | 159.00 | OK | |
r-patched-linux-x86_64 | 0.4.1 | 6.58 | 106.42 | 113.00 | OK | |
r-release-linux-x86_64 | 0.4.1 | 5.89 | 108.29 | 114.18 | OK | |
r-release-macos-arm64 | 0.4.1 | 41.00 | NOTE | |||
r-release-macos-x86_64 | 0.4.1 | 70.00 | NOTE | |||
r-release-windows-x86_64 | 0.4.1 | 19.00 | 134.00 | 153.00 | OK | |
r-oldrel-macos-arm64 | 0.4.1 | 56.00 | NOTE | |||
r-oldrel-macos-x86_64 | 0.4.1 | 72.00 | NOTE | |||
r-oldrel-windows-ix86+x86_64 | 0.4.1 | 16.00 | 88.00 | 104.00 | OK |
Version: 0.4.1
Check: dependencies in R code
Result: NOTE
Namespaces in Imports field not imported from:
‘knitr’ ‘randomNames’ ‘tidyr’
All declared Imports should be used.
Flavors: r-devel-linux-x86_64-fedora-clang, r-devel-linux-x86_64-fedora-gcc, r-release-macos-arm64, r-release-macos-x86_64, r-oldrel-macos-arm64, r-oldrel-macos-x86_64