Last updated on 2022-08-15 08:49:50 CEST.
Flavor | Version | Tinstall | Tcheck | Ttotal | Status | Flags |
---|---|---|---|---|---|---|
r-devel-linux-x86_64-debian-clang | 0.2.0 | 2.03 | 23.13 | 25.16 | NOTE | |
r-devel-linux-x86_64-debian-gcc | 0.2.0 | 1.50 | 18.13 | 19.63 | NOTE | |
r-devel-linux-x86_64-fedora-clang | 0.2.0 | 42.51 | NOTE | |||
r-devel-linux-x86_64-fedora-gcc | 0.2.0 | 40.36 | NOTE | |||
r-devel-windows-x86_64 | 0.2.0 | 13.00 | 51.00 | 64.00 | NOTE | |
r-patched-linux-x86_64 | 0.2.0 | 1.37 | 22.94 | 24.31 | NOTE | |
r-release-linux-x86_64 | 0.2.0 | 1.79 | 22.73 | 24.52 | NOTE | |
r-release-macos-arm64 | 0.2.0 | 14.00 | NOTE | |||
r-release-macos-x86_64 | 0.2.0 | 22.00 | NOTE | |||
r-release-windows-x86_64 | 0.2.0 | 9.00 | 50.00 | 59.00 | NOTE | |
r-oldrel-macos-arm64 | 0.2.0 | 20.00 | NOTE | |||
r-oldrel-macos-x86_64 | 0.2.0 | 32.00 | NOTE | |||
r-oldrel-windows-ix86+x86_64 | 0.2.0 | 6.00 | 41.00 | 47.00 | NOTE |
Version: 0.2.0
Check: LazyData
Result: NOTE
'LazyData' is specified without a 'data' directory
Flavors: r-devel-linux-x86_64-debian-clang, r-devel-linux-x86_64-debian-gcc, r-devel-linux-x86_64-fedora-clang, r-devel-linux-x86_64-fedora-gcc, r-devel-windows-x86_64, r-patched-linux-x86_64, r-release-linux-x86_64, r-release-macos-arm64, r-release-macos-x86_64, r-release-windows-x86_64, r-oldrel-macos-arm64, r-oldrel-macos-x86_64, r-oldrel-windows-ix86+x86_64