Last updated on 2022-08-15 08:49:50 CEST.
Flavor | Version | Tinstall | Tcheck | Ttotal | Status | Flags |
---|---|---|---|---|---|---|
r-devel-linux-x86_64-debian-clang | 0.1.3 | 5.67 | 57.60 | 63.27 | OK | |
r-devel-linux-x86_64-debian-gcc | 0.1.3 | 4.63 | 43.75 | 48.38 | OK | |
r-devel-linux-x86_64-fedora-clang | 0.1.3 | 89.21 | NOTE | |||
r-devel-linux-x86_64-fedora-gcc | 0.1.3 | 82.82 | NOTE | |||
r-devel-windows-x86_64 | 0.1.3 | 9.00 | 81.00 | 90.00 | OK | |
r-patched-linux-x86_64 | 0.1.3 | 5.30 | 53.94 | 59.24 | OK | |
r-release-linux-x86_64 | 0.1.3 | 5.16 | 55.75 | 60.91 | OK | |
r-release-macos-arm64 | 0.1.3 | 27.00 | NOTE | |||
r-release-macos-x86_64 | 0.1.3 | 37.00 | NOTE | |||
r-release-windows-x86_64 | 0.1.3 | 10.00 | 82.00 | 92.00 | OK | |
r-oldrel-macos-arm64 | 0.1.3 | 30.00 | NOTE | |||
r-oldrel-macos-x86_64 | 0.1.3 | 48.00 | NOTE | |||
r-oldrel-windows-ix86+x86_64 | 0.1.3 | 14.00 | 73.00 | 87.00 | OK |
Version: 0.1.3
Check: data for non-ASCII characters
Result: NOTE
Note: found 710 marked UTF-8 strings
Flavors: r-devel-linux-x86_64-fedora-clang, r-devel-linux-x86_64-fedora-gcc, r-release-macos-arm64, r-release-macos-x86_64, r-oldrel-macos-arm64, r-oldrel-macos-x86_64