Last updated on 2022-08-15 08:49:50 CEST.
Flavor | Version | Tinstall | Tcheck | Ttotal | Status | Flags |
---|---|---|---|---|---|---|
r-devel-linux-x86_64-debian-clang | 0.2.0 | 6.44 | 58.92 | 65.36 | NOTE | |
r-devel-linux-x86_64-debian-gcc | 0.2.0 | 5.36 | 43.26 | 48.62 | NOTE | |
r-devel-linux-x86_64-fedora-clang | 0.2.0 | 91.01 | NOTE | |||
r-devel-linux-x86_64-fedora-gcc | 0.2.0 | 83.53 | NOTE | |||
r-devel-windows-x86_64 | 0.2.0 | 10.00 | 76.00 | 86.00 | NOTE | |
r-patched-linux-x86_64 | 0.2.0 | 6.14 | 54.34 | 60.48 | OK | |
r-release-linux-x86_64 | 0.2.0 | 5.61 | 54.67 | 60.28 | OK | |
r-release-macos-arm64 | 0.2.0 | 24.00 | NOTE | |||
r-release-macos-x86_64 | 0.2.0 | 54.00 | NOTE | |||
r-release-windows-x86_64 | 0.2.0 | 10.00 | 77.00 | 87.00 | OK | |
r-oldrel-macos-arm64 | 0.2.0 | 29.00 | NOTE | |||
r-oldrel-macos-x86_64 | 0.2.0 | 35.00 | NOTE | |||
r-oldrel-windows-ix86+x86_64 | 0.2.0 | 15.00 | 73.00 | 88.00 | OK |
Version: 0.2.0
Check: package subdirectories
Result: NOTE
Problems with news in 'NEWS.md':
No news entries found.
Flavors: r-devel-linux-x86_64-debian-clang, r-devel-linux-x86_64-debian-gcc, r-devel-linux-x86_64-fedora-clang, r-devel-linux-x86_64-fedora-gcc, r-devel-windows-x86_64
Version: 0.2.0
Check: dependencies in R code
Result: NOTE
Namespace in Imports field not imported from: ‘curl’
All declared Imports should be used.
Flavors: r-devel-linux-x86_64-fedora-clang, r-devel-linux-x86_64-fedora-gcc, r-release-macos-arm64, r-release-macos-x86_64, r-oldrel-macos-arm64, r-oldrel-macos-x86_64