Last updated on 2022-08-15 08:49:50 CEST.
Flavor | Version | Tinstall | Tcheck | Ttotal | Status | Flags |
---|---|---|---|---|---|---|
r-devel-linux-x86_64-debian-clang | 0.1.2 | 23.88 | 203.65 | 227.53 | NOTE | |
r-devel-linux-x86_64-debian-gcc | 0.1.2 | 20.43 | 149.31 | 169.74 | NOTE | |
r-devel-linux-x86_64-fedora-clang | 0.1.2 | 280.98 | NOTE | |||
r-devel-linux-x86_64-fedora-gcc | 0.1.2 | 269.00 | NOTE | |||
r-devel-windows-x86_64 | 0.1.2 | 26.00 | 197.00 | 223.00 | NOTE | |
r-patched-linux-x86_64 | 0.1.2 | 19.56 | 191.02 | 210.58 | NOTE | |
r-release-linux-x86_64 | 0.1.2 | 15.97 | 188.31 | 204.28 | NOTE | |
r-release-macos-arm64 | 0.1.2 | 71.00 | NOTE | |||
r-release-macos-x86_64 | 0.1.2 | 98.00 | NOTE | |||
r-release-windows-x86_64 | 0.1.2 | 27.00 | 197.00 | 224.00 | NOTE | |
r-oldrel-macos-arm64 | 0.1.2 | 96.00 | NOTE | |||
r-oldrel-macos-x86_64 | 0.1.2 | 91.00 | NOTE | |||
r-oldrel-windows-ix86+x86_64 | 0.1.2 | 48.00 | 197.00 | 245.00 | NOTE |
Version: 0.1.2
Check: LazyData
Result: NOTE
'LazyData' is specified without a 'data' directory
Flavors: r-devel-linux-x86_64-debian-clang, r-devel-linux-x86_64-debian-gcc, r-devel-linux-x86_64-fedora-clang, r-devel-linux-x86_64-fedora-gcc, r-devel-windows-x86_64, r-patched-linux-x86_64, r-release-linux-x86_64, r-release-macos-arm64, r-release-macos-x86_64, r-release-windows-x86_64, r-oldrel-macos-arm64, r-oldrel-macos-x86_64, r-oldrel-windows-ix86+x86_64