Last updated on 2022-08-15 08:49:50 CEST.
Flavor | Version | Tinstall | Tcheck | Ttotal | Status | Flags |
---|---|---|---|---|---|---|
r-devel-linux-x86_64-debian-clang | 0.2.1 | 6.96 | 40.25 | 47.21 | NOTE | |
r-devel-linux-x86_64-debian-gcc | 0.2.1 | 5.13 | 30.17 | 35.30 | NOTE | |
r-devel-linux-x86_64-fedora-clang | 0.2.1 | 67.58 | NOTE | |||
r-devel-linux-x86_64-fedora-gcc | 0.2.1 | 66.38 | NOTE | |||
r-devel-windows-x86_64 | 0.2.1 | 21.00 | 60.00 | 81.00 | NOTE | |
r-patched-linux-x86_64 | 0.2.1 | 4.56 | 38.54 | 43.10 | NOTE | |
r-release-linux-x86_64 | 0.2.1 | 5.59 | 38.53 | 44.12 | NOTE | |
r-release-macos-arm64 | 0.2.1 | 21.00 | NOTE | |||
r-release-macos-x86_64 | 0.2.1 | 31.00 | NOTE | |||
r-release-windows-x86_64 | 0.2.1 | 25.00 | 62.00 | 87.00 | NOTE | |
r-oldrel-macos-arm64 | 0.2.1 | 26.00 | NOTE | |||
r-oldrel-macos-x86_64 | 0.2.1 | 36.00 | NOTE | |||
r-oldrel-windows-ix86+x86_64 | 0.2.1 | 11.00 | 56.00 | 67.00 | NOTE |
Version: 0.2.1
Check: LazyData
Result: NOTE
'LazyData' is specified without a 'data' directory
Flavors: r-devel-linux-x86_64-debian-clang, r-devel-linux-x86_64-debian-gcc, r-devel-linux-x86_64-fedora-clang, r-devel-linux-x86_64-fedora-gcc, r-devel-windows-x86_64, r-patched-linux-x86_64, r-release-linux-x86_64, r-release-macos-arm64, r-release-macos-x86_64, r-release-windows-x86_64, r-oldrel-macos-arm64, r-oldrel-macos-x86_64, r-oldrel-windows-ix86+x86_64