Last updated on 2022-08-15 08:49:50 CEST.
Flavor | Version | Tinstall | Tcheck | Ttotal | Status | Flags |
---|---|---|---|---|---|---|
r-devel-linux-x86_64-debian-clang | 1.1.0 | 35.02 | 173.96 | 208.98 | OK | |
r-devel-linux-x86_64-debian-gcc | 1.1.0 | 27.25 | 126.28 | 153.53 | OK | |
r-devel-linux-x86_64-fedora-clang | 1.1.0 | 264.53 | NOTE | |||
r-devel-linux-x86_64-fedora-gcc | 1.1.0 | 270.74 | NOTE | |||
r-devel-windows-x86_64 | 1.1.0 | 42.00 | 200.00 | 242.00 | OK | |
r-patched-linux-x86_64 | 1.1.0 | 32.04 | 159.00 | 191.04 | OK | |
r-release-linux-x86_64 | 1.1.0 | 23.98 | 161.58 | 185.56 | OK | |
r-release-macos-arm64 | 1.1.0 | 63.00 | NOTE | |||
r-release-macos-x86_64 | 1.1.0 | 115.00 | NOTE | |||
r-release-windows-x86_64 | 1.1.0 | 41.00 | 198.00 | 239.00 | OK | |
r-oldrel-macos-arm64 | 1.1.0 | 72.00 | NOTE | |||
r-oldrel-macos-x86_64 | 1.1.0 | 87.00 | NOTE | |||
r-oldrel-windows-ix86+x86_64 | 1.1.0 | 85.00 | 256.00 | 341.00 | OK |
Version: 1.1.0
Check: dependencies in R code
Result: NOTE
Namespace in Imports field not imported from: ‘kernlab’
All declared Imports should be used.
Flavors: r-devel-linux-x86_64-fedora-clang, r-devel-linux-x86_64-fedora-gcc, r-release-macos-arm64, r-release-macos-x86_64, r-oldrel-macos-arm64, r-oldrel-macos-x86_64