Last updated on 2022-08-15 08:49:50 CEST.
Flavor | Version | Tinstall | Tcheck | Ttotal | Status | Flags |
---|---|---|---|---|---|---|
r-devel-linux-x86_64-debian-clang | 0.17-6 | 17.16 | 183.20 | 200.36 | NOTE | |
r-devel-linux-x86_64-debian-gcc | 0.17-6 | 14.79 | 136.35 | 151.14 | NOTE | |
r-devel-linux-x86_64-fedora-clang | 0.17-6 | 255.68 | NOTE | |||
r-devel-linux-x86_64-fedora-gcc | 0.17-6 | 242.47 | NOTE | |||
r-devel-windows-x86_64 | 0.17-6 | 150.00 | 235.00 | 385.00 | NOTE | |
r-patched-linux-x86_64 | 0.17-6 | 22.79 | 172.75 | 195.54 | OK | |
r-release-linux-x86_64 | 0.17-6 | 18.52 | 172.45 | 190.97 | OK | |
r-release-macos-arm64 | 0.17-6 | 78.00 | OK | |||
r-release-macos-x86_64 | 0.17-6 | 105.00 | OK | |||
r-release-windows-x86_64 | 0.17-6 | 100.00 | 233.00 | 333.00 | OK | |
r-oldrel-macos-arm64 | 0.17-6 | 92.00 | OK | |||
r-oldrel-macos-x86_64 | 0.17-6 | 101.00 | OK | |||
r-oldrel-windows-ix86+x86_64 | 0.17-6 | 42.00 | 278.00 | 320.00 | OK |
Version: 0.17-6
Check: Rd files
Result: NOTE
checkRd: (-1) deshrink.Rd:55: Escaped LaTeX specials: \&
checkRd: (-1) deshrink.Rd:51: Escaped LaTeX specials: \&
checkRd: (-1) plot.mat.Rd:60: Escaped LaTeX specials: \&
checkRd: (-1) plot.wa.Rd:46: Escaped LaTeX specials: \&
checkRd: (-1) predict.prcurve.Rd:5: Escaped LaTeX specials: \&
Flavors: r-devel-linux-x86_64-debian-clang, r-devel-linux-x86_64-debian-gcc, r-devel-linux-x86_64-fedora-clang, r-devel-linux-x86_64-fedora-gcc, r-devel-windows-x86_64