Last updated on 2022-08-15 08:49:50 CEST.
Flavor | Version | Tinstall | Tcheck | Ttotal | Status | Flags |
---|---|---|---|---|---|---|
r-devel-linux-x86_64-debian-clang | 1.0.2 | 10.74 | 108.33 | 119.07 | NOTE | |
r-devel-linux-x86_64-debian-gcc | 1.0.2 | 8.72 | 79.96 | 88.68 | NOTE | |
r-devel-linux-x86_64-fedora-clang | 1.0.2 | 156.63 | NOTE | |||
r-devel-linux-x86_64-fedora-gcc | 1.0.2 | 144.10 | NOTE | |||
r-devel-windows-x86_64 | 1.0.2 | 35.00 | 150.00 | 185.00 | NOTE | |
r-patched-linux-x86_64 | 1.0.2 | 14.59 | 100.28 | 114.87 | NOTE | |
r-release-linux-x86_64 | 1.0.2 | 11.61 | 100.01 | 111.62 | NOTE | |
r-release-macos-arm64 | 1.0.2 | 50.00 | NOTE | |||
r-release-macos-x86_64 | 1.0.2 | 68.00 | NOTE | |||
r-release-windows-x86_64 | 1.0.2 | 365.00 | 162.00 | 527.00 | NOTE | |
r-oldrel-macos-arm64 | 1.0.2 | 71.00 | NOTE | |||
r-oldrel-macos-x86_64 | 1.0.2 | 112.00 | NOTE | |||
r-oldrel-windows-ix86+x86_64 | 1.0.2 | 25.00 | 145.00 | 170.00 | NOTE |
Version: 1.0.2
Check: package dependencies
Result: NOTE
Package which this enhances but not available for checking: 'SparkR'
Flavors: r-devel-linux-x86_64-debian-clang, r-devel-linux-x86_64-debian-gcc, r-devel-linux-x86_64-fedora-clang, r-devel-linux-x86_64-fedora-gcc, r-devel-windows-x86_64, r-patched-linux-x86_64, r-release-linux-x86_64, r-release-macos-arm64, r-release-macos-x86_64, r-release-windows-x86_64, r-oldrel-macos-x86_64
Version: 1.0.2
Check: LazyData
Result: NOTE
'LazyData' is specified without a 'data' directory
Flavors: r-devel-linux-x86_64-debian-clang, r-devel-linux-x86_64-debian-gcc, r-devel-linux-x86_64-fedora-clang, r-devel-linux-x86_64-fedora-gcc, r-devel-windows-x86_64, r-patched-linux-x86_64, r-release-linux-x86_64, r-release-macos-arm64, r-release-macos-x86_64, r-release-windows-x86_64, r-oldrel-macos-arm64, r-oldrel-macos-x86_64, r-oldrel-windows-ix86+x86_64