Last updated on 2022-08-15 08:49:50 CEST.
Flavor | Version | Tinstall | Tcheck | Ttotal | Status | Flags |
---|---|---|---|---|---|---|
r-devel-linux-x86_64-debian-clang | 0.2.0 | 10.74 | 104.00 | 114.74 | OK | |
r-devel-linux-x86_64-debian-gcc | 0.2.0 | 8.16 | 75.03 | 83.19 | OK | |
r-devel-linux-x86_64-fedora-clang | 0.2.0 | 144.18 | NOTE | |||
r-devel-linux-x86_64-fedora-gcc | 0.2.0 | 143.91 | OK | |||
r-devel-windows-x86_64 | 0.2.0 | 81.00 | 123.00 | 204.00 | OK | |
r-patched-linux-x86_64 | 0.2.0 | 11.04 | 96.81 | 107.85 | OK | |
r-release-linux-x86_64 | 0.2.0 | 7.15 | 96.95 | 104.10 | OK | |
r-release-macos-arm64 | 0.2.0 | 39.00 | OK | |||
r-release-macos-x86_64 | 0.2.0 | 67.00 | OK | |||
r-release-windows-x86_64 | 0.2.0 | 124.00 | 126.00 | 250.00 | OK | |
r-oldrel-macos-arm64 | 0.2.0 | 45.00 | OK | |||
r-oldrel-macos-x86_64 | 0.2.0 | 52.00 | OK | |||
r-oldrel-windows-ix86+x86_64 | 0.2.0 | 24.00 | 123.00 | 147.00 | OK |
Version: 0.2.0
Check: package dependencies
Result: NOTE
Imports includes 22 non-default packages.
Importing from so many packages makes the package vulnerable to any of
them becoming unavailable. Move as many as possible to Suggests and
use conditionally.
Flavor: r-devel-linux-x86_64-fedora-clang