Last updated on 2022-08-15 08:49:50 CEST.
Flavor | Version | Tinstall | Tcheck | Ttotal | Status | Flags |
---|---|---|---|---|---|---|
r-devel-linux-x86_64-debian-clang | 2022.1.25 | 21.59 | 334.79 | 356.38 | NOTE | |
r-devel-linux-x86_64-debian-gcc | 2022.1.25 | 20.01 | 238.87 | 258.88 | NOTE | |
r-devel-linux-x86_64-fedora-clang | 2022.1.25 | 417.43 | NOTE | |||
r-devel-linux-x86_64-fedora-gcc | 2022.1.25 | 441.57 | NOTE | |||
r-devel-windows-x86_64 | 2022.1.25 | 218.00 | 427.00 | 645.00 | NOTE | |
r-patched-linux-x86_64 | 2022.1.25 | 28.02 | 303.30 | 331.32 | OK | |
r-release-linux-x86_64 | 2022.1.25 | 21.95 | 304.15 | 326.10 | OK | |
r-release-macos-arm64 | 2022.1.25 | 95.00 | NOTE | |||
r-release-macos-x86_64 | 2022.1.25 | 145.00 | NOTE | |||
r-release-windows-x86_64 | 2022.1.25 | 278.00 | 444.00 | 722.00 | OK | |
r-oldrel-macos-arm64 | 2022.1.25 | 93.00 | NOTE | |||
r-oldrel-macos-x86_64 | 2022.1.25 | 140.00 | NOTE | |||
r-oldrel-windows-ix86+x86_64 | 2022.1.25 | 42.00 | 380.00 | 422.00 | OK |
Version: 2022.1.25
Check: Rd files
Result: NOTE
checkRd: (-1) diamonds.Rd:10: Escaped LaTeX specials: \$ \$
checkRd: (-1) msleep.Rd:15: Escaped LaTeX specials: \_
checkRd: (-1) msleep.Rd:16: Escaped LaTeX specials: \_
checkRd: (-1) msleep.Rd:17: Escaped LaTeX specials: \_
Flavors: r-devel-linux-x86_64-debian-clang, r-devel-linux-x86_64-debian-gcc, r-devel-linux-x86_64-fedora-clang, r-devel-linux-x86_64-fedora-gcc, r-devel-windows-x86_64
Version: 2022.1.25
Check: HTML version of manual
Result: NOTE
Found the following HTML validation problems:
stat_unique.html:110:1: Warning: trimming empty <li>
stat_unique.html:109:1: Warning: trimming empty <ul>
Flavors: r-devel-linux-x86_64-debian-clang, r-devel-linux-x86_64-debian-gcc, r-devel-linux-x86_64-fedora-clang, r-devel-linux-x86_64-fedora-gcc
Version: 2022.1.25
Check: dependencies in R code
Result: NOTE
Namespaces in Imports field not imported from:
‘lazyeval’ ‘tibble’
All declared Imports should be used.
Flavors: r-devel-linux-x86_64-fedora-clang, r-devel-linux-x86_64-fedora-gcc, r-release-macos-arm64, r-release-macos-x86_64, r-oldrel-macos-arm64, r-oldrel-macos-x86_64
Version: 2022.1.25
Check: Rd cross-references
Result: NOTE
Undeclared package ‘RColorBrewer’ in Rd xrefs
Flavor: r-devel-linux-x86_64-fedora-clang