Last updated on 2022-08-15 08:49:50 CEST.
Flavor | Version | Tinstall | Tcheck | Ttotal | Status | Flags |
---|---|---|---|---|---|---|
r-devel-linux-x86_64-debian-clang | 0.18.1 | 7.30 | 145.36 | 152.66 | OK | |
r-devel-linux-x86_64-debian-gcc | 0.18.1 | 6.50 | 112.64 | 119.14 | OK | |
r-devel-linux-x86_64-fedora-clang | 0.18.1 | 164.19 | OK | |||
r-devel-linux-x86_64-fedora-gcc | 0.18.1 | 155.22 | OK | |||
r-devel-windows-x86_64 | 0.18.1 | 12.00 | 150.00 | 162.00 | OK | |
r-patched-linux-x86_64 | 0.18.1 | 11.92 | 122.85 | 134.77 | OK | |
r-release-linux-x86_64 | 0.18.1 | 6.55 | 121.51 | 128.06 | OK | |
r-release-macos-arm64 | 0.18.1 | 42.00 | NOTE | |||
r-release-macos-x86_64 | 0.18.1 | 95.00 | OK | |||
r-release-windows-x86_64 | 0.18.1 | 69.00 | 154.00 | 223.00 | OK | |
r-oldrel-macos-arm64 | 0.18.1 | 42.00 | OK | |||
r-oldrel-macos-x86_64 | 0.18.1 | 57.00 | OK | |||
r-oldrel-windows-ix86+x86_64 | 0.18.1 | 19.00 | 145.00 | 164.00 | OK |
Version: 0.18.1
Check: package dependencies
Result: NOTE
Package suggested but not available for checking: ‘rhdf5’
Flavor: r-release-macos-arm64