Last updated on 2022-08-15 08:49:50 CEST.
Flavor | Version | Tinstall | Tcheck | Ttotal | Status | Flags |
---|---|---|---|---|---|---|
r-devel-linux-x86_64-debian-clang | 2.2.95 | 12.31 | 263.06 | 275.37 | OK | |
r-devel-linux-x86_64-debian-gcc | 2.2.95 | 10.46 | 194.99 | 205.45 | OK | |
r-devel-linux-x86_64-fedora-clang | 2.2.95 | 318.68 | NOTE | |||
r-devel-linux-x86_64-fedora-gcc | 2.2.95 | 279.60 | OK | |||
r-devel-windows-x86_64 | 2.2.95 | 96.00 | 245.00 | 341.00 | NOTE | |
r-patched-linux-x86_64 | 2.2.95 | 11.65 | 228.06 | 239.71 | OK | |
r-release-linux-x86_64 | 2.2.95 | 11.26 | 224.20 | 235.46 | OK | |
r-release-macos-arm64 | 2.2.95 | 66.00 | NOTE | |||
r-release-macos-x86_64 | 2.2.95 | 87.00 | NOTE | |||
r-release-windows-x86_64 | 2.2.95 | 100.00 | 246.00 | 346.00 | NOTE | |
r-oldrel-macos-arm64 | 2.2.95 | 66.00 | NOTE | |||
r-oldrel-macos-x86_64 | 2.2.95 | 84.00 | NOTE | |||
r-oldrel-windows-ix86+x86_64 | 2.2.95 | 26.00 | 243.00 | 269.00 | NOTE |
Version: 2.2.95
Check: installed package size
Result: NOTE
installed size is 5.1Mb
sub-directories of 1Mb or more:
test_v8 2.0Mb
testdata 2.4Mb
Flavors: r-devel-linux-x86_64-fedora-clang, r-devel-windows-x86_64, r-release-macos-arm64, r-release-macos-x86_64, r-release-windows-x86_64, r-oldrel-macos-arm64, r-oldrel-macos-x86_64, r-oldrel-windows-ix86+x86_64
Version: 2.2.95
Check: package dependencies
Result: NOTE
Package suggested but not available for checking: ‘rhdf5’
Flavor: r-release-macos-arm64