Last updated on 2022-08-15 08:49:50 CEST.
Flavor | Version | Tinstall | Tcheck | Ttotal | Status | Flags |
---|---|---|---|---|---|---|
r-devel-linux-x86_64-debian-clang | 1.0.5 | 2.09 | 513.77 | 515.86 | NOTE | |
r-devel-linux-x86_64-debian-gcc | 1.0.5 | 1.70 | 377.97 | 379.67 | NOTE | |
r-devel-linux-x86_64-fedora-clang | 1.0.5 | 109.96 | NOTE | |||
r-devel-linux-x86_64-fedora-gcc | 1.0.5 | 106.83 | NOTE | |||
r-devel-windows-x86_64 | 1.0.5 | 8.00 | 123.00 | 131.00 | NOTE | |
r-patched-linux-x86_64 | 1.0.5 | 2.30 | 528.67 | 530.97 | NOTE | |
r-release-linux-x86_64 | 1.0.5 | 1.53 | 463.43 | 464.96 | NOTE | |
r-release-macos-arm64 | 1.0.5 | 139.00 | NOTE | |||
r-release-macos-x86_64 | 1.0.5 | 98.00 | NOTE | |||
r-release-windows-x86_64 | 1.0.5 | 7.00 | 117.00 | 124.00 | NOTE | |
r-oldrel-macos-arm64 | 1.0.5 | 114.00 | NOTE | |||
r-oldrel-macos-x86_64 | 1.0.5 | 94.00 | NOTE | |||
r-oldrel-windows-ix86+x86_64 | 1.0.5 | 8.00 | 112.00 | 120.00 | NOTE |
Version: 1.0.5
Check: LazyData
Result: NOTE
'LazyData' is specified without a 'data' directory
Flavors: r-devel-linux-x86_64-debian-clang, r-devel-linux-x86_64-debian-gcc, r-devel-linux-x86_64-fedora-clang, r-devel-linux-x86_64-fedora-gcc, r-devel-windows-x86_64, r-patched-linux-x86_64, r-release-linux-x86_64, r-release-macos-arm64, r-release-macos-x86_64, r-release-windows-x86_64, r-oldrel-macos-arm64, r-oldrel-macos-x86_64, r-oldrel-windows-ix86+x86_64
Version: 1.0.5
Check: dependencies in R code
Result: NOTE
Namespaces in Imports field not imported from:
‘curl’ ‘httr’
All declared Imports should be used.
Flavors: r-devel-linux-x86_64-fedora-clang, r-devel-linux-x86_64-fedora-gcc, r-release-macos-arm64, r-release-macos-x86_64, r-oldrel-macos-arm64, r-oldrel-macos-x86_64