Last updated on 2022-08-15 08:49:50 CEST.
Flavor | Version | Tinstall | Tcheck | Ttotal | Status | Flags |
---|---|---|---|---|---|---|
r-devel-linux-x86_64-debian-clang | 0.2.4 | 1.69 | 24.09 | 25.78 | NOTE | |
r-devel-linux-x86_64-debian-gcc | 0.2.4 | 1.68 | 18.22 | 19.90 | NOTE | |
r-devel-linux-x86_64-fedora-clang | 0.2.4 | 42.36 | NOTE | |||
r-devel-linux-x86_64-fedora-gcc | 0.2.4 | 41.90 | NOTE | |||
r-devel-windows-x86_64 | 0.2.4 | 10.00 | 48.00 | 58.00 | NOTE | |
r-patched-linux-x86_64 | 0.2.4 | 2.27 | 23.65 | 25.92 | NOTE | |
r-release-linux-x86_64 | 0.2.4 | 1.97 | 23.59 | 25.56 | NOTE | |
r-release-macos-arm64 | 0.2.4 | 16.00 | NOTE | |||
r-release-macos-x86_64 | 0.2.4 | 22.00 | NOTE | |||
r-release-windows-x86_64 | 0.2.4 | 6.00 | 55.00 | 61.00 | NOTE | |
r-oldrel-macos-arm64 | 0.2.4 | 24.00 | NOTE | |||
r-oldrel-macos-x86_64 | 0.2.4 | 28.00 | NOTE | |||
r-oldrel-windows-ix86+x86_64 | 0.2.4 | 7.00 | 46.00 | 53.00 | NOTE |
Version: 0.2.4
Check: LazyData
Result: NOTE
'LazyData' is specified without a 'data' directory
Flavors: r-devel-linux-x86_64-debian-clang, r-devel-linux-x86_64-debian-gcc, r-devel-linux-x86_64-fedora-clang, r-devel-linux-x86_64-fedora-gcc, r-devel-windows-x86_64, r-patched-linux-x86_64, r-release-linux-x86_64, r-release-macos-arm64, r-release-macos-x86_64, r-release-windows-x86_64, r-oldrel-macos-arm64, r-oldrel-macos-x86_64, r-oldrel-windows-ix86+x86_64
Version: 0.2.4
Check: dependencies in R code
Result: NOTE
Namespace in Imports field not imported from: ‘pls’
All declared Imports should be used.
Flavors: r-devel-linux-x86_64-fedora-clang, r-devel-linux-x86_64-fedora-gcc, r-release-macos-arm64, r-release-macos-x86_64, r-oldrel-macos-arm64, r-oldrel-macos-x86_64