Last updated on 2022-08-15 08:49:50 CEST.
Flavor | Version | Tinstall | Tcheck | Ttotal | Status | Flags |
---|---|---|---|---|---|---|
r-devel-linux-x86_64-debian-clang | 1.0.4 | 19.35 | 165.59 | 184.94 | NOTE | |
r-devel-linux-x86_64-debian-gcc | 1.0.4 | 14.31 | 122.56 | 136.87 | NOTE | |
r-devel-linux-x86_64-fedora-clang | 1.0.4 | 232.37 | NOTE | |||
r-devel-linux-x86_64-fedora-gcc | 1.0.4 | 223.54 | NOTE | |||
r-devel-windows-x86_64 | 1.0.4 | 33.00 | 187.00 | 220.00 | NOTE | |
r-patched-linux-x86_64 | 1.0.4 | 21.06 | 154.01 | 175.07 | NOTE | |
r-release-linux-x86_64 | 1.0.4 | 19.66 | 152.70 | 172.36 | NOTE | |
r-release-macos-arm64 | 1.0.4 | 57.00 | NOTE | |||
r-release-macos-x86_64 | 1.0.4 | 89.00 | NOTE | |||
r-release-windows-x86_64 | 1.0.4 | 34.00 | 183.00 | 217.00 | NOTE | |
r-oldrel-macos-arm64 | 1.0.4 | 91.00 | NOTE | |||
r-oldrel-macos-x86_64 | 1.0.4 | 154.00 | NOTE | |||
r-oldrel-windows-ix86+x86_64 | 1.0.4 | 44.00 | 186.00 | 230.00 | NOTE |
Version: 1.0.4
Check: LazyData
Result: NOTE
'LazyData' is specified without a 'data' directory
Flavors: r-devel-linux-x86_64-debian-clang, r-devel-linux-x86_64-debian-gcc, r-devel-linux-x86_64-fedora-clang, r-devel-linux-x86_64-fedora-gcc, r-devel-windows-x86_64, r-patched-linux-x86_64, r-release-linux-x86_64, r-release-macos-arm64, r-release-macos-x86_64, r-release-windows-x86_64, r-oldrel-macos-arm64, r-oldrel-macos-x86_64, r-oldrel-windows-ix86+x86_64