Last updated on 2022-08-15 08:49:50 CEST.
Flavor | Version | Tinstall | Tcheck | Ttotal | Status | Flags |
---|---|---|---|---|---|---|
r-devel-linux-x86_64-debian-clang | 1.3.3 | 59.14 | 110.01 | 169.15 | WARN | |
r-devel-linux-x86_64-debian-gcc | 1.3.3 | 43.95 | 80.91 | 124.86 | OK | |
r-devel-linux-x86_64-fedora-clang | 1.3.3 | 220.76 | WARN | |||
r-devel-linux-x86_64-fedora-gcc | 1.3.3 | 210.95 | OK | |||
r-devel-windows-x86_64 | 1.3.3 | 53.00 | 149.00 | 202.00 | OK | |
r-patched-linux-x86_64 | 1.3.3 | 49.88 | 102.76 | 152.64 | OK | |
r-release-linux-x86_64 | 1.3.3 | 48.48 | 103.44 | 151.92 | OK | |
r-release-macos-arm64 | 1.3.3 | 55.00 | OK | |||
r-release-macos-x86_64 | 1.3.3 | 77.00 | OK | |||
r-release-windows-x86_64 | 1.3.3 | 53.00 | 149.00 | 202.00 | OK | |
r-oldrel-macos-arm64 | 1.3.3 | 67.00 | OK | |||
r-oldrel-macos-x86_64 | 1.3.3 | 75.00 | OK | |||
r-oldrel-windows-ix86+x86_64 | 1.3.3 | 122.00 | 195.00 | 317.00 | OK |
Version: 1.3.3
Check: whether package can be installed
Result: WARN
Found the following significant warnings:
ViterbiC.cpp:217:10: warning: use of bitwise '&' with boolean operands [-Wbitwise-instead-of-logical]
ViterbiC.cpp:528:10: warning: use of bitwise '&' with boolean operands [-Wbitwise-instead-of-logical]
ViterbiC.cpp:814:10: warning: use of bitwise '&' with boolean operands [-Wbitwise-instead-of-logical]
ViterbiC.cpp:1104:10: warning: use of bitwise '&' with boolean operands [-Wbitwise-instead-of-logical]
ViterbiC.cpp:1242:10: warning: use of bitwise '&' with boolean operands [-Wbitwise-instead-of-logical]
utils.cpp:45:40: warning: use of bitwise '|' with boolean operands [-Wbitwise-instead-of-logical]
utils.cpp:59:10: warning: use of bitwise '&' with boolean operands [-Wbitwise-instead-of-logical]
utils.cpp:60:15: warning: use of bitwise '&' with boolean operands [-Wbitwise-instead-of-logical]
utils.cpp:61:15: warning: use of bitwise '&' with boolean operands [-Wbitwise-instead-of-logical]
utils.cpp:62:15: warning: use of bitwise '&' with boolean operands [-Wbitwise-instead-of-logical]
utils.cpp:63:15: warning: use of bitwise '&' with boolean operands [-Wbitwise-instead-of-logical]
utils.cpp:64:15: warning: use of bitwise '&' with boolean operands [-Wbitwise-instead-of-logical]
utils.cpp:65:15: warning: use of bitwise '&' with boolean operands [-Wbitwise-instead-of-logical]
utils.cpp:66:15: warning: use of bitwise '&' with boolean operands [-Wbitwise-instead-of-logical]
utils.cpp:67:15: warning: use of bitwise '&' with boolean operands [-Wbitwise-instead-of-logical]
Flavors: r-devel-linux-x86_64-debian-clang, r-devel-linux-x86_64-fedora-clang