Last updated on 2022-08-15 08:49:50 CEST.
Flavor | Version | Tinstall | Tcheck | Ttotal | Status | Flags |
---|---|---|---|---|---|---|
r-devel-linux-x86_64-debian-clang | 0.2-1 | 72.81 | 205.68 | 278.49 | WARN | |
r-devel-linux-x86_64-debian-gcc | 0.2-1 | 61.41 | 152.57 | 213.98 | NOTE | |
r-devel-linux-x86_64-fedora-clang | 0.2-1 | 356.77 | WARN | |||
r-devel-linux-x86_64-fedora-gcc | 0.2-1 | 372.14 | NOTE | |||
r-devel-windows-x86_64 | 0.2-1 | 79.00 | 267.00 | 346.00 | OK | |
r-patched-linux-x86_64 | 0.2-1 | 63.64 | 192.69 | 256.33 | OK | |
r-release-linux-x86_64 | 0.2-1 | 64.64 | 195.18 | 259.82 | OK | |
r-release-macos-arm64 | 0.2-1 | 90.00 | OK | |||
r-release-macos-x86_64 | 0.2-1 | 121.00 | OK | |||
r-release-windows-x86_64 | 0.2-1 | 92.00 | 246.00 | 338.00 | OK | |
r-oldrel-macos-arm64 | 0.2-1 | 78.00 | OK | |||
r-oldrel-macos-x86_64 | 0.2-1 | 125.00 | OK | |||
r-oldrel-windows-ix86+x86_64 | 0.2-1 | 175.00 | 382.00 | 557.00 | OK |
Version: 0.2-1
Check: whether package can be installed
Result: WARN
Found the following significant warnings:
../inst/include/tree_meat.hpp:375:9: warning: use of bitwise '|' with boolean operands [-Wbitwise-instead-of-logical]
Flavors: r-devel-linux-x86_64-debian-clang, r-devel-linux-x86_64-fedora-clang
Version: 0.2-1
Check: HTML version of manual
Result: NOTE
Found the following HTML validation problems:
mislabel.html:25:1: Warning: trimming empty <p>
raphylo.html:25:1: Warning: trimming empty <p>
sim_fun_on_tree.html:25:1: Warning: trimming empty <p>
Flavors: r-devel-linux-x86_64-debian-clang, r-devel-linux-x86_64-debian-gcc, r-devel-linux-x86_64-fedora-clang, r-devel-linux-x86_64-fedora-gcc