Last updated on 2022-08-15 08:49:50 CEST.
Flavor | Version | Tinstall | Tcheck | Ttotal | Status | Flags |
---|---|---|---|---|---|---|
r-devel-linux-x86_64-debian-clang | 1.0.2 | 309.37 | 92.31 | 401.68 | OK | |
r-devel-linux-x86_64-debian-gcc | 1.0.2 | 225.44 | 64.55 | 289.99 | OK | |
r-devel-linux-x86_64-fedora-clang | 1.0.2 | 574.49 | OK | |||
r-devel-linux-x86_64-fedora-gcc | 1.0.2 | 574.54 | OK | |||
r-devel-windows-x86_64 | 1.0.2 | 246.00 | 133.00 | 379.00 | OK | |
r-patched-linux-x86_64 | 1.0.2 | 269.24 | 91.04 | 360.28 | OK | |
r-release-linux-x86_64 | 1.0.2 | 245.42 | 92.63 | 338.05 | OK | |
r-release-macos-arm64 | 1.0.2 | 121.00 | NOTE | |||
r-release-macos-x86_64 | 1.0.2 | 157.00 | NOTE | |||
r-release-windows-x86_64 | 1.0.2 | 237.00 | 140.00 | 377.00 | OK | |
r-oldrel-macos-arm64 | 1.0.2 | 123.00 | NOTE | |||
r-oldrel-macos-x86_64 | 1.0.2 | 151.00 | NOTE | |||
r-oldrel-windows-ix86+x86_64 | 1.0.2 | 722.00 | 222.00 | 944.00 | OK |
Version: 1.0.2
Check: installed package size
Result: NOTE
installed size is 36.1Mb
sub-directories of 1Mb or more:
libs 35.8Mb
Flavors: r-release-macos-arm64, r-release-macos-x86_64, r-oldrel-macos-arm64, r-oldrel-macos-x86_64