Last updated on 2022-08-15 08:49:50 CEST.
Flavor | Version | Tinstall | Tcheck | Ttotal | Status | Flags |
---|---|---|---|---|---|---|
r-devel-linux-x86_64-debian-clang | 0.4.1 | 2.94 | 24.32 | 27.26 | OK | |
r-devel-linux-x86_64-debian-gcc | 0.4.1 | 2.18 | 18.69 | 20.87 | OK | |
r-devel-linux-x86_64-fedora-clang | 0.4.1 | 43.69 | NOTE | |||
r-devel-linux-x86_64-fedora-gcc | 0.4.1 | 42.01 | NOTE | |||
r-devel-windows-x86_64 | 0.4.1 | 9.00 | 47.00 | 56.00 | OK | |
r-patched-linux-x86_64 | 0.4.1 | 1.87 | 23.51 | 25.38 | OK | |
r-release-linux-x86_64 | 0.4.1 | 1.97 | 23.55 | 25.52 | OK | |
r-release-macos-arm64 | 0.4.1 | 17.00 | NOTE | |||
r-release-macos-x86_64 | 0.4.1 | 26.00 | NOTE | |||
r-release-windows-x86_64 | 0.4.1 | 8.00 | 47.00 | 55.00 | OK | |
r-oldrel-macos-arm64 | 0.4.1 | 22.00 | NOTE | |||
r-oldrel-macos-x86_64 | 0.4.1 | 25.00 | NOTE | |||
r-oldrel-windows-ix86+x86_64 | 0.4.1 | 12.00 | 40.00 | 52.00 | OK |
Version: 0.4.1
Check: dependencies in R code
Result: NOTE
Namespace in Imports field not imported from: ‘testthat’
All declared Imports should be used.
Flavors: r-devel-linux-x86_64-fedora-clang, r-devel-linux-x86_64-fedora-gcc, r-release-macos-arm64, r-release-macos-x86_64, r-oldrel-macos-arm64, r-oldrel-macos-x86_64