Last updated on 2022-08-15 08:49:50 CEST.
Flavor | Version | Tinstall | Tcheck | Ttotal | Status | Flags |
---|---|---|---|---|---|---|
r-devel-linux-x86_64-debian-clang | 2.3.6 | 9.72 | 90.64 | 100.36 | OK | |
r-devel-linux-x86_64-debian-gcc | 2.3.6 | 8.40 | 68.68 | 77.08 | OK | |
r-devel-linux-x86_64-fedora-clang | 2.3.6 | 132.69 | NOTE | |||
r-devel-linux-x86_64-fedora-gcc | 2.3.6 | 127.19 | OK | |||
r-devel-windows-x86_64 | 2.3.6 | 97.00 | 136.00 | 233.00 | OK | |
r-patched-linux-x86_64 | 2.3.6 | 10.56 | 85.74 | 96.30 | OK | |
r-release-linux-x86_64 | 2.3.6 | 10.61 | 84.99 | 95.60 | OK | |
r-release-macos-arm64 | 2.3.6 | 38.00 | OK | |||
r-release-macos-x86_64 | 2.3.6 | 53.00 | OK | |||
r-release-windows-x86_64 | 2.3.6 | 50.00 | 143.00 | 193.00 | OK | |
r-oldrel-macos-arm64 | 2.3.6 | 43.00 | OK | |||
r-oldrel-macos-x86_64 | 2.3.6 | 53.00 | OK | |||
r-oldrel-windows-ix86+x86_64 | 2.3.6 | 24.00 | 128.00 | 152.00 | OK |
Version: 2.3.6
Check: Rd cross-references
Result: NOTE
Undeclared package ‘rmarkdown’ in Rd xrefs
Flavor: r-devel-linux-x86_64-fedora-clang