Last updated on 2022-08-15 08:49:50 CEST.
Flavor | Version | Tinstall | Tcheck | Ttotal | Status | Flags |
---|---|---|---|---|---|---|
r-devel-linux-x86_64-debian-clang | 3.0.1 | 12.56 | 156.17 | 168.73 | NOTE | |
r-devel-linux-x86_64-debian-gcc | 3.0.1 | 9.99 | 114.72 | 124.71 | NOTE | |
r-devel-linux-x86_64-fedora-clang | 3.0.1 | 203.94 | NOTE | |||
r-devel-linux-x86_64-fedora-gcc | 3.0.1 | 204.80 | NOTE | |||
r-devel-windows-x86_64 | 3.0.1 | 27.00 | 200.00 | 227.00 | NOTE | |
r-patched-linux-x86_64 | 3.0.1 | 13.67 | 147.22 | 160.89 | NOTE | |
r-release-linux-x86_64 | 3.0.1 | 12.60 | 145.40 | 158.00 | NOTE | |
r-release-macos-arm64 | 3.0.1 | 53.00 | NOTE | |||
r-release-macos-x86_64 | 3.0.1 | 77.00 | NOTE | |||
r-release-windows-x86_64 | 3.0.1 | 24.00 | 201.00 | 225.00 | NOTE | |
r-oldrel-macos-arm64 | 3.0.1 | 62.00 | NOTE | |||
r-oldrel-macos-x86_64 | 3.0.1 | 77.00 | NOTE | |||
r-oldrel-windows-ix86+x86_64 | 3.0.1 | 26.00 | 188.00 | 214.00 | NOTE |
Version: 3.0.1
Check: LazyData
Result: NOTE
'LazyData' is specified without a 'data' directory
Flavors: r-devel-linux-x86_64-debian-clang, r-devel-linux-x86_64-debian-gcc, r-devel-linux-x86_64-fedora-clang, r-devel-linux-x86_64-fedora-gcc, r-devel-windows-x86_64, r-patched-linux-x86_64, r-release-linux-x86_64, r-release-macos-arm64, r-release-macos-x86_64, r-release-windows-x86_64, r-oldrel-macos-arm64, r-oldrel-macos-x86_64, r-oldrel-windows-ix86+x86_64