Last updated on 2022-08-15 08:49:50 CEST.
Flavor | Version | Tinstall | Tcheck | Ttotal | Status | Flags |
---|---|---|---|---|---|---|
r-devel-linux-x86_64-debian-clang | 1.0.4 | 66.68 | 130.83 | 197.51 | NOTE | |
r-devel-linux-x86_64-debian-gcc | 1.0.4 | 54.14 | 99.98 | 154.12 | NOTE | |
r-devel-linux-x86_64-fedora-clang | 1.0.4 | 258.64 | NOTE | |||
r-devel-linux-x86_64-fedora-gcc | 1.0.4 | 271.93 | NOTE | |||
r-devel-windows-x86_64 | 1.0.4 | 104.00 | 173.00 | 277.00 | OK | |
r-patched-linux-x86_64 | 1.0.4 | 64.87 | 124.29 | 189.16 | OK | |
r-release-linux-x86_64 | 1.0.4 | 63.47 | 122.17 | 185.64 | OK | |
r-release-macos-arm64 | 1.0.4 | 92.00 | OK | |||
r-release-macos-x86_64 | 1.0.4 | 103.00 | OK | |||
r-release-windows-x86_64 | 1.0.4 | 86.00 | 168.00 | 254.00 | OK | |
r-oldrel-macos-arm64 | 1.0.4 | 82.00 | OK | |||
r-oldrel-macos-x86_64 | 1.0.4 | 110.00 | OK | |||
r-oldrel-windows-ix86+x86_64 | 1.0.4 | 105.00 | 164.00 | 269.00 | OK |
Version: 1.0.4
Check: HTML version of manual
Result: NOTE
Found the following HTML validation problems:
mapApp.html:105:101: Warning: inserting implicit <p>
mapApp.html:105:101: Warning: trimming empty <p>
Flavors: r-devel-linux-x86_64-debian-clang, r-devel-linux-x86_64-debian-gcc, r-devel-linux-x86_64-fedora-clang, r-devel-linux-x86_64-fedora-gcc