Last updated on 2022-08-15 08:49:50 CEST.
Flavor | Version | Tinstall | Tcheck | Ttotal | Status | Flags |
---|---|---|---|---|---|---|
r-devel-linux-x86_64-debian-clang | 1.12-2 | 16.50 | 113.24 | 129.74 | OK | |
r-devel-linux-x86_64-debian-gcc | 1.12-2 | 12.01 | 83.96 | 95.97 | OK | |
r-devel-linux-x86_64-fedora-clang | 1.12-2 | 162.17 | NOTE | |||
r-devel-linux-x86_64-fedora-gcc | 1.12-2 | 158.51 | OK | |||
r-devel-windows-x86_64 | 1.12-2 | 27.00 | 133.00 | 160.00 | OK | |
r-patched-linux-x86_64 | 1.12-2 | 14.60 | 105.92 | 120.52 | OK | |
r-release-linux-x86_64 | 1.12-2 | 15.03 | 106.09 | 121.12 | OK | |
r-release-macos-arm64 | 1.12-2 | 42.00 | OK | |||
r-release-macos-x86_64 | 1.12-2 | 72.00 | OK | |||
r-release-windows-x86_64 | 1.12-2 | 35.00 | 133.00 | 168.00 | OK | |
r-oldrel-macos-arm64 | 1.12-2 | 53.00 | OK | |||
r-oldrel-macos-x86_64 | 1.12-2 | 61.00 | OK | |||
r-oldrel-windows-ix86+x86_64 | 1.12-2 | 30.00 | 128.00 | 158.00 | OK |
Version: 1.12-2
Check: Rd cross-references
Result: NOTE
Undeclared packages ‘survey’, ‘Matching’ in Rd xrefs
Flavor: r-devel-linux-x86_64-fedora-clang