Last updated on 2022-08-15 08:49:50 CEST.
Flavor | Version | Tinstall | Tcheck | Ttotal | Status | Flags |
---|---|---|---|---|---|---|
r-devel-linux-x86_64-debian-clang | 0.1.0 | 17.74 | 205.17 | 222.91 | OK | |
r-devel-linux-x86_64-debian-gcc | 0.1.0 | 17.46 | 153.98 | 171.44 | OK | |
r-devel-linux-x86_64-fedora-clang | 0.1.0 | 279.76 | NOTE | |||
r-devel-linux-x86_64-fedora-gcc | 0.1.0 | 292.30 | NOTE | |||
r-devel-windows-x86_64 | 0.1.0 | 30.00 | 222.00 | 252.00 | OK | |
r-patched-linux-x86_64 | 0.1.0 | 16.86 | 203.15 | 220.01 | OK | |
r-release-linux-x86_64 | 0.1.0 | 18.76 | 202.56 | 221.32 | OK | |
r-release-macos-arm64 | 0.1.0 | 72.00 | NOTE | |||
r-release-macos-x86_64 | 0.1.0 | 104.00 | NOTE | |||
r-release-windows-x86_64 | 0.1.0 | 26.00 | 217.00 | 243.00 | OK | |
r-oldrel-macos-arm64 | 0.1.0 | 107.00 | NOTE | |||
r-oldrel-macos-x86_64 | 0.1.0 | 258.00 | NOTE | |||
r-oldrel-windows-ix86+x86_64 | 0.1.0 | 51.00 | 221.00 | 272.00 | OK |
Version: 0.1.0
Check: dependencies in R code
Result: NOTE
Namespace in Imports field not imported from: ‘mvtnorm’
All declared Imports should be used.
Flavors: r-devel-linux-x86_64-fedora-clang, r-devel-linux-x86_64-fedora-gcc, r-release-macos-arm64, r-release-macos-x86_64, r-oldrel-macos-arm64, r-oldrel-macos-x86_64