Last updated on 2022-08-15 08:49:50 CEST.
Flavor | Version | Tinstall | Tcheck | Ttotal | Status | Flags |
---|---|---|---|---|---|---|
r-devel-linux-x86_64-debian-clang | 3.2.1 | 53.63 | 345.88 | 399.51 | OK | |
r-devel-linux-x86_64-debian-gcc | 3.2.1 | 44.48 | 252.88 | 297.36 | OK | |
r-devel-linux-x86_64-fedora-clang | 3.2.1 | 489.28 | NOTE | |||
r-devel-linux-x86_64-fedora-gcc | 3.2.1 | 460.02 | OK | |||
r-devel-windows-x86_64 | 3.2.1 | 2887.00 | 354.00 | 3241.00 | NOTE | |
r-patched-linux-x86_64 | 3.2.1 | 72.99 | 318.85 | 391.84 | OK | |
r-release-linux-x86_64 | 3.2.1 | 52.48 | 309.20 | 361.68 | OK | |
r-release-macos-arm64 | 3.2.1 | 110.00 | NOTE | |||
r-release-macos-x86_64 | 3.2.1 | 140.00 | NOTE | |||
r-release-windows-x86_64 | 3.2.1 | 2663.00 | 308.00 | 2971.00 | NOTE | |
r-oldrel-macos-arm64 | 3.2.1 | 101.00 | NOTE | |||
r-oldrel-macos-x86_64 | 3.2.1 | 147.00 | NOTE | |||
r-oldrel-windows-ix86+x86_64 | 3.2.1 | 97.00 | 327.00 | 424.00 | NOTE |
Version: 3.2.1
Check: installed package size
Result: NOTE
installed size is 5.8Mb
sub-directories of 1Mb or more:
R 2.3Mb
help 1.1Mb
testScripts 1.3Mb
Flavors: r-devel-linux-x86_64-fedora-clang, r-devel-windows-x86_64, r-release-macos-arm64, r-release-macos-x86_64, r-release-windows-x86_64, r-oldrel-macos-arm64, r-oldrel-macos-x86_64, r-oldrel-windows-ix86+x86_64
Version: 3.2.1
Check: package dependencies
Result: NOTE
Packages suggested but not available for checking:
'affxparser', 'oligo', 'oligoClasses', 'pdInfoBuilder',
'AffymetrixDataTestFiles'
Flavor: r-release-macos-arm64
Version: 3.2.1
Check: Rd cross-references
Result: NOTE
Packages unavailable to check Rd xrefs: ‘affxparser’, ‘oligo’, ‘oligoClasses’
Flavor: r-release-macos-arm64