Last updated on 2022-08-15 08:49:50 CEST.
Flavor | Version | Tinstall | Tcheck | Ttotal | Status | Flags |
---|---|---|---|---|---|---|
r-devel-linux-x86_64-debian-clang | 1.7.0 | 12.17 | 90.04 | 102.21 | OK | |
r-devel-linux-x86_64-debian-gcc | 1.7.0 | 10.72 | 68.39 | 79.11 | OK | |
r-devel-linux-x86_64-fedora-clang | 1.7.0 | 135.15 | OK | |||
r-devel-linux-x86_64-fedora-gcc | 1.7.0 | 135.01 | OK | |||
r-devel-windows-x86_64 | 1.7.0 | 70.00 | 112.00 | 182.00 | OK | |
r-patched-linux-x86_64 | 1.7.0 | 12.44 | 86.95 | 99.39 | OK | |
r-release-linux-x86_64 | 1.7.0 | 14.49 | 85.44 | 99.93 | OK | |
r-release-macos-arm64 | 1.7.0 | 39.00 | OK | |||
r-release-macos-x86_64 | 1.7.0 | 50.00 | OK | |||
r-release-windows-x86_64 | 1.7.0 | 174.00 | 105.00 | 279.00 | OK | |
r-oldrel-macos-arm64 | 1.7.0 | 33.00 | NOTE | |||
r-oldrel-macos-x86_64 | 1.7.0 | 50.00 | OK | |||
r-oldrel-windows-ix86+x86_64 | 1.7.0 | 25.00 | 103.00 | 128.00 | OK |
Version: 1.7.0
Check: package dependencies
Result: NOTE
Package suggested but not available for checking: ‘GLAD’
Flavor: r-oldrel-macos-arm64