Last updated on 2022-08-15 08:49:50 CEST.
Flavor | Version | Tinstall | Tcheck | Ttotal | Status | Flags |
---|---|---|---|---|---|---|
r-devel-linux-x86_64-debian-clang | 3.2.2 | 26.79 | 205.96 | 232.75 | NOTE | |
r-devel-linux-x86_64-debian-gcc | 3.2.2 | 26.84 | 153.69 | 180.53 | NOTE | |
r-devel-linux-x86_64-fedora-clang | 3.2.2 | 296.78 | NOTE | |||
r-devel-linux-x86_64-fedora-gcc | 3.2.2 | 275.76 | NOTE | |||
r-devel-windows-x86_64 | 3.2.2 | 460.00 | 227.00 | 687.00 | NOTE | |
r-patched-linux-x86_64 | 3.2.2 | 38.10 | 188.99 | 227.09 | NOTE | |
r-release-linux-x86_64 | 3.2.2 | 31.68 | 187.74 | 219.42 | NOTE | |
r-release-macos-arm64 | 3.2.2 | 72.00 | NOTE | |||
r-release-macos-x86_64 | 3.2.2 | 94.00 | NOTE | |||
r-release-windows-x86_64 | 3.2.2 | 455.00 | 203.00 | 658.00 | NOTE | |
r-oldrel-macos-arm64 | 3.2.2 | 103.00 | NOTE | |||
r-oldrel-macos-x86_64 | 3.2.2 | 1803.00 | NOTE | |||
r-oldrel-windows-ix86+x86_64 | 3.2.2 | 52.00 | 207.00 | 259.00 | NOTE |
Version: 3.2.2
Check: package dependencies
Result: NOTE
Packages suggested but not available for checking:
'sfit', 'expectile', 'HaarSeg', 'mpcbs'
Flavors: r-devel-linux-x86_64-debian-clang, r-devel-linux-x86_64-debian-gcc, r-devel-linux-x86_64-fedora-clang, r-devel-linux-x86_64-fedora-gcc, r-devel-windows-x86_64, r-patched-linux-x86_64, r-release-linux-x86_64, r-release-macos-arm64, r-release-macos-x86_64, r-release-windows-x86_64, r-oldrel-windows-ix86+x86_64
Version: 3.2.2
Check: package dependencies
Result: NOTE
Packages suggested but not available for checking:
'GLAD', 'sfit', 'expectile', 'HaarSeg', 'mpcbs'
Flavors: r-oldrel-macos-arm64, r-oldrel-macos-x86_64
Version: 3.2.2
Check: Rd cross-references
Result: NOTE
Package unavailable to check Rd xrefs: ‘GLAD’
Flavor: r-oldrel-macos-arm64