Last updated on 2022-08-15 08:49:50 CEST.
Flavor | Version | Tinstall | Tcheck | Ttotal | Status | Flags |
---|---|---|---|---|---|---|
r-devel-linux-x86_64-debian-clang | 1.5-1 | 19.98 | 182.64 | 202.62 | OK | |
r-devel-linux-x86_64-debian-gcc | 1.5-1 | 15.02 | 131.91 | 146.93 | OK | |
r-devel-linux-x86_64-fedora-clang | 1.5-1 | 245.90 | OK | |||
r-devel-linux-x86_64-fedora-gcc | 1.5-1 | 254.17 | OK | |||
r-devel-windows-x86_64 | 1.5-1 | 31.00 | 217.00 | 248.00 | OK | |
r-patched-linux-x86_64 | 1.5-1 | 17.62 | 168.80 | 186.42 | OK | |
r-release-linux-x86_64 | 1.5-1 | 12.56 | 169.06 | 181.62 | OK | |
r-release-macos-arm64 | 1.5-1 | 64.00 | NOTE | |||
r-release-macos-x86_64 | 1.5-1 | 117.00 | OK | |||
r-release-windows-x86_64 | 1.5-1 | 34.00 | 212.00 | 246.00 | OK | |
r-oldrel-macos-arm64 | 1.5-1 | 99.00 | OK | |||
r-oldrel-macos-x86_64 | 1.5-1 | 91.00 | OK | |||
r-oldrel-windows-ix86+x86_64 | 1.5-1 | 39.00 | 194.00 | 233.00 | OK |
Version: 1.5-1
Check: package dependencies
Result: NOTE
Packages suggested but not available for checking: 'graph', 'Rgraphviz'
Flavor: r-release-macos-arm64